CRAN Package Check Results for Package marcher

Last updated on 2024-02-21 23:11:34 CET.

Flavor Version Tinstall Tcheck Ttotal Status Flags
r-devel-linux-x86_64-debian-clang 0.0-2 NOTE
r-devel-linux-x86_64-debian-gcc 0.0-2 7.32 107.21 114.53 NOTE
r-devel-linux-x86_64-fedora-clang 0.0-2 183.96 OK
r-devel-linux-x86_64-fedora-gcc 0.0-2 197.76 OK
r-devel-windows-x86_64 0.0-2 11.00 122.00 133.00 OK
r-patched-linux-x86_64 0.0-2 13.01 139.80 152.81 OK
r-release-linux-x86_64 0.0-2 11.48 138.33 149.81 OK
r-release-macos-arm64 0.0-2 63.00 OK
r-release-macos-x86_64 0.0-2 109.00 OK
r-release-windows-x86_64 0.0-2 13.00 145.00 158.00 OK
r-oldrel-macos-arm64 0.0-2 63.00 OK
r-oldrel-windows-x86_64 0.0-2 13.00 145.00 158.00 OK

Check Details

Version: 0.0-2
Check: Rd files
Result: NOTE checkRd: (-1) locate_shift.Rd:29: Lost braces 29 | \code{\link{quickfit}}, code{\link{locator}} | ^ checkRd: (-1) marcher-package.Rd:14: Lost braces; missing escapes or markup? 14 | 1. \code{\link{estimate_shift}} {Estimate a range shift process.} | ^ checkRd: (-1) marcher-package.Rd:16: Lost braces; missing escapes or markup? 16 | 2. \code{\link{simulate_shift}} {Simulate a range shift process.} | ^ checkRd: (-1) marcher-package.Rd:18: Lost braces; missing escapes or markup? 18 | 3. \code{\link{plot.shiftfit}} {Visualize a range shift process.} | ^ checkRd: (-1) marcher-package.Rd:20: Lost braces; missing escapes or markup? 20 | 4. \code{\link{test_rangeshift}} {Test whether a range shift occurred.} | ^ checkRd: (-1) marcher-package.Rd:22: Lost braces; missing escapes or markup? 22 | 5. \code{\link{test_return}} {Test whether a migration was a return migration.} | ^ checkRd: (-1) marcher-package.Rd:24: Lost braces; missing escapes or markup? 24 | 6. \code{\link{test_stopover}} {Test whether a stopover occurred during a migration.} | ^ checkRd: (-1) quickfit.Rd:25: Lost braces in \itemize; \value handles \item{}{} directly checkRd: (-1) quickfit.Rd:26: Lost braces in \itemize; \value handles \item{}{} directly checkRd: (-1) test_rangeshift.Rd:25: Lost braces in \itemize; \value handles \item{}{} directly checkRd: (-1) test_rangeshift.Rd:26: Lost braces in \itemize; \value handles \item{}{} directly checkRd: (-1) test_rangeshift.Rd:27: Lost braces in \itemize; \value handles \item{}{} directly checkRd: (-1) test_rangeshift.Rd:28: Lost braces in \itemize; \value handles \item{}{} directly Flavors: r-devel-linux-x86_64-debian-clang, r-devel-linux-x86_64-debian-gcc