CRAN Package Check Results for Package mcb

Last updated on 2024-07-22 22:56:28 CEST.

Flavor Version Tinstall Tcheck Ttotal Status Flags
r-devel-linux-x86_64-debian-clang 0.1.15 13.33 133.86 147.19 OK
r-devel-linux-x86_64-debian-gcc 0.1.15 8.48 96.31 104.79 OK
r-devel-linux-x86_64-fedora-clang 0.1.15 176.16 NOTE
r-devel-linux-x86_64-fedora-gcc 0.1.15 172.44 NOTE
r-devel-windows-x86_64 0.1.15 14.00 103.00 117.00 OK
r-patched-linux-x86_64 0.1.15 10.99 123.13 134.12 OK
r-release-linux-x86_64 0.1.15 9.06 126.40 135.46 OK
r-release-macos-arm64 0.1.15 50.00 OK
r-release-macos-x86_64 0.1.15 78.00 OK
r-release-windows-x86_64 0.1.15 12.00 103.00 115.00 OK
r-oldrel-macos-arm64 0.1.15 53.00 OK
r-oldrel-macos-x86_64 0.1.15 101.00 OK
r-oldrel-windows-x86_64 0.1.15 14.00 127.00 141.00 OK

Check Details

Version: 0.1.15
Check: dependencies in R code
Result: NOTE Namespaces in Imports field not imported from: ‘MASS’ ‘lars’ ‘methods’ ‘parallel’ ‘smoothmest’ All declared Imports should be used. Flavors: r-devel-linux-x86_64-fedora-clang, r-devel-linux-x86_64-fedora-gcc