CRAN Package Check Results for Package measr

Last updated on 2024-04-24 00:55:48 CEST.

Flavor Version Tinstall Tcheck Ttotal Status Flags
r-devel-linux-x86_64-debian-clang 1.0.0 563.20 651.18 1214.38 NOTE
r-devel-linux-x86_64-debian-gcc 1.0.0 496.86 584.86 1081.72 NOTE
r-devel-linux-x86_64-fedora-clang 1.0.0 1478.58 NOTE
r-devel-linux-x86_64-fedora-gcc 1.0.0 1862.89 NOTE
r-prerel-macos-arm64 1.0.0 368.00 NOTE
r-prerel-macos-x86_64 1.0.0 566.00 NOTE
r-prerel-windows-x86_64 1.0.0 440.00 498.00 938.00 NOTE
r-patched-linux-x86_64 1.0.0 457.44 778.35 1235.79 NOTE
r-release-linux-x86_64 1.0.0 437.48 788.87 1226.35 NOTE
r-release-macos-arm64 1.0.0 352.00 NOTE
r-release-macos-x86_64 1.0.0 579.00 NOTE
r-release-windows-x86_64 1.0.0 533.00 682.00 1215.00 NOTE
r-oldrel-macos-arm64 1.0.0 345.00 NOTE
r-oldrel-windows-x86_64 1.0.0 510.00 684.00 1194.00 NOTE

Check Details

Version: 1.0.0
Check: package dependencies
Result: NOTE Package suggested but not available for checking: ‘cmdstanr’ Flavors: r-devel-linux-x86_64-debian-clang, r-devel-linux-x86_64-debian-gcc, r-devel-linux-x86_64-fedora-clang, r-devel-linux-x86_64-fedora-gcc, r-prerel-macos-arm64, r-prerel-macos-x86_64, r-prerel-windows-x86_64, r-patched-linux-x86_64, r-release-linux-x86_64, r-release-macos-arm64, r-release-macos-x86_64, r-release-windows-x86_64, r-oldrel-macos-arm64, r-oldrel-windows-x86_64

Version: 1.0.0
Check: for GNU extensions in Makefiles
Result: NOTE GNU make is a SystemRequirements. Flavors: r-devel-linux-x86_64-debian-clang, r-devel-linux-x86_64-debian-gcc, r-devel-linux-x86_64-fedora-clang, r-devel-linux-x86_64-fedora-gcc, r-prerel-macos-arm64, r-prerel-macos-x86_64, r-prerel-windows-x86_64, r-patched-linux-x86_64, r-release-linux-x86_64, r-release-macos-arm64, r-release-macos-x86_64, r-release-windows-x86_64, r-oldrel-macos-arm64, r-oldrel-windows-x86_64

Version: 1.0.0
Check: installed package size
Result: NOTE installed size is 6.5Mb sub-directories of 1Mb or more: libs 5.0Mb Flavors: r-devel-linux-x86_64-fedora-clang, r-prerel-macos-arm64, r-prerel-macos-x86_64, r-prerel-windows-x86_64, r-release-macos-arm64, r-release-macos-x86_64, r-release-windows-x86_64, r-oldrel-macos-arm64, r-oldrel-windows-x86_64

Version: 1.0.0
Check: dependencies in R code
Result: NOTE Namespaces in Imports field not imported from: ‘RcppParallel’ ‘rstantools’ All declared Imports should be used. Flavors: r-devel-linux-x86_64-fedora-clang, r-devel-linux-x86_64-fedora-gcc