CRAN Package Check Results for Package meerva

Last updated on 2024-02-24 21:40:25 CET.

Flavor Version Tinstall Tcheck Ttotal Status Flags
r-devel-linux-x86_64-debian-clang 0.2-2 4.91 48.64 53.55 OK
r-devel-linux-x86_64-debian-gcc 0.2-2 4.15 36.82 40.97 OK
r-devel-linux-x86_64-fedora-clang 0.2-2 67.81 NOTE
r-devel-linux-x86_64-fedora-gcc 0.2-2 77.08 NOTE
r-devel-windows-x86_64 0.2-2 6.00 59.00 65.00 OK
r-patched-linux-x86_64 0.2-2 4.85 48.51 53.36 OK
r-release-linux-x86_64 0.2-2 3.49 48.33 51.82 OK
r-release-macos-arm64 0.2-2 32.00 OK
r-release-macos-x86_64 0.2-2 39.00 OK
r-release-windows-x86_64 0.2-2 7.00 64.00 71.00 OK
r-oldrel-macos-arm64 0.2-2 25.00 NOTE
r-oldrel-windows-x86_64 0.2-2 7.00 66.00 73.00 OK

Check Details

Version: 0.2-2
Check: dependencies in R code
Result: NOTE Namespace in Imports field not imported from: ‘dplyr’ All declared Imports should be used. Flavors: r-devel-linux-x86_64-fedora-clang, r-devel-linux-x86_64-fedora-gcc, r-oldrel-macos-arm64