CRAN Package Check Results for Package meetupapi

Last updated on 2024-07-22 22:56:28 CEST.

Flavor Version Tinstall Tcheck Ttotal Status Flags
r-devel-linux-x86_64-debian-clang 0.1.0 4.11 39.47 43.58 NOTE
r-devel-linux-x86_64-debian-gcc 0.1.0 3.09 29.49 32.58 NOTE
r-devel-linux-x86_64-fedora-clang 0.1.0 55.70 NOTE
r-devel-linux-x86_64-fedora-gcc 0.1.0 51.90 NOTE
r-devel-windows-x86_64 0.1.0 8.00 51.00 59.00 NOTE
r-patched-linux-x86_64 0.1.0 4.27 37.98 42.25 NOTE
r-release-linux-x86_64 0.1.0 4.24 37.95 42.19 NOTE
r-release-macos-arm64 0.1.0 20.00 NOTE
r-release-macos-x86_64 0.1.0 29.00 NOTE
r-release-windows-x86_64 0.1.0 6.00 50.00 56.00 NOTE
r-oldrel-macos-arm64 0.1.0 23.00 NOTE
r-oldrel-macos-x86_64 0.1.0 28.00 NOTE
r-oldrel-windows-x86_64 0.1.0 6.00 53.00 59.00 NOTE

Check Details

Version: 0.1.0
Check: LazyData
Result: NOTE 'LazyData' is specified without a 'data' directory Flavors: r-devel-linux-x86_64-debian-clang, r-devel-linux-x86_64-debian-gcc, r-devel-linux-x86_64-fedora-clang, r-devel-linux-x86_64-fedora-gcc, r-devel-windows-x86_64, r-patched-linux-x86_64, r-release-linux-x86_64, r-release-macos-arm64, r-release-macos-x86_64, r-release-windows-x86_64, r-oldrel-macos-arm64, r-oldrel-macos-x86_64, r-oldrel-windows-x86_64