CRAN Package Check Results for Package mfpp

Last updated on 2024-04-21 23:50:46 CEST.

Flavor Version Tinstall Tcheck Ttotal Status Flags
r-devel-linux-x86_64-debian-clang 0.0.5 6.89 60.48 67.37 NOTE
r-devel-linux-x86_64-debian-gcc 0.0.5 4.18 43.69 47.87 NOTE
r-devel-linux-x86_64-fedora-clang 0.0.5 83.00 NOTE
r-devel-linux-x86_64-fedora-gcc 0.0.5 80.11 NOTE
r-prerel-macos-arm64 0.0.5 24.00 NOTE
r-prerel-windows-x86_64 0.0.5 6.00 70.00 76.00 NOTE
r-patched-linux-x86_64 0.0.5 6.72 58.69 65.41 NOTE
r-release-linux-x86_64 0.0.5 4.61 58.12 62.73 OK
r-release-macos-arm64 0.0.5 32.00 OK
r-release-macos-x86_64 0.0.5 55.00 OK
r-release-windows-x86_64 0.0.5 9.00 79.00 88.00 OK
r-oldrel-macos-arm64 0.0.5 32.00 OK
r-oldrel-windows-x86_64 0.0.5 9.00 84.00 93.00 OK

Check Details

Version: 0.0.5
Check: Rd files
Result: NOTE checkRd: (-1) generatepdm.Rd:27: Lost braces; missing escapes or markup? 27 | \item{PDM}{[PEM,TD, CD, {QD,RD}] is a Project Domain Matrix (a numeric matrix), where;} | ^ checkRd: (-1) percent.Rd:10: Lost braces; missing escapes or markup? 10 | \item{PDM}{is a Project Domain Matrix (a numeric matrix), where PDM=[LD,TD, CD, {QD,RD}]. LD is an N by N upper triangular matrix of logic domain (a numeric matrix); TD is an N by w matrix of task durations (a numeric matrix); CD is an N by w matrix of cost demands (a numeric matrix); QD is an optinal N by w matrix of quality parameters (a numeric optional matrix); RD is an N by w*nR matrix of resource demands (a numeric optional matrix).} | ^ checkRd: (-1) phase1.Rd:12: Lost braces; missing escapes or markup? 12 | \item{x}{is either a Project Domain Matrix (a numeric matrix), where PDM=[LD,TD, CD, {QD,RD}]. LD is an N by N upper triangular matrix of logic domain (a numeric matrix); TD is an N by w matrix of task durations (a numeric matrix); CD is an N by w matrix of cost demands (a numeric matrix); QD is an optinal N by w matrix of quality parameters (a numeric optional matrix); RD is an N by w*nR matrix of resource demands (a numeric optional matrix), or PDM list, which contain a PDM matrix, and the number of completion modes (w) and the number of resources.} | ^ checkRd: (-1) phase2.Rd:10: Lost braces; missing escapes or markup? 10 | \item{x}{is either a Project Domain Matrix (a numeric matrix), where PDM=[LD,TD, CD, {QD,RD}]. LD is an N by N upper triangular matrix of logic domain (a numeric matrix); TD is an N by w matrix of task durations (a numeric matrix); CD is an N by w matrix of cost demands (a numeric matrix); QD is an optinal N by w matrix of quality parameters (a numeric optional matrix); RD is an N by w*nR matrix of resource demands (a numeric optional matrix), or PDM list, which contain a PDM matrix, and the number of completion modes (w) and the number of resources.} | ^ checkRd: (-1) phase3.Rd:9: Lost braces; missing escapes or markup? 9 | \item{x}{is either a Project Domain Matrix (a numeric matrix), where PDM=[LD,TD, CD, {QD,RD}]. LD is an N by N upper triangular matrix of logic domain (a numeric matrix); TD is an N by w matrix of task durations (a numeric matrix); CD is an N by w matrix of cost demands (a numeric matrix); QD is an optinal N by w matrix of quality parameters (a numeric optional matrix); RD is an N by w*nR matrix of resource demands (a numeric optional matrix), or PDM list, which contain a PDM matrix, and the number of completion modes (w) and the number of resources.} | ^ Flavors: r-devel-linux-x86_64-debian-clang, r-devel-linux-x86_64-debian-gcc, r-devel-linux-x86_64-fedora-clang, r-devel-linux-x86_64-fedora-gcc, r-prerel-macos-arm64, r-prerel-windows-x86_64, r-patched-linux-x86_64