Last updated on 2023-11-28 09:52:01 CET.
Flavor | Version | Tinstall | Tcheck | Ttotal | Status | Flags |
---|---|---|---|---|---|---|
r-devel-linux-x86_64-debian-clang | 2.0.4 | 3.56 | 70.37 | 73.93 | NOTE | |
r-devel-linux-x86_64-debian-gcc | 2.0.4 | 3.29 | 53.76 | 57.05 | NOTE | |
r-devel-linux-x86_64-fedora-clang | 2.0.4 | 96.70 | NOTE | |||
r-devel-linux-x86_64-fedora-gcc | 2.0.4 | 90.51 | NOTE | |||
r-devel-windows-x86_64 | 2.0.4 | 6.00 | 105.00 | 111.00 | NOTE | |
r-patched-linux-x86_64 | 2.0.4 | 5.84 | 69.08 | 74.92 | OK | |
r-release-linux-x86_64 | 2.0.4 | 4.46 | 69.46 | 73.92 | OK | |
r-release-macos-arm64 | 2.0.4 | 35.00 | OK | |||
r-release-macos-x86_64 | 2.0.4 | 53.00 | OK | |||
r-release-windows-x86_64 | 2.0.4 | 8.00 | 113.00 | 121.00 | OK | |
r-oldrel-macos-arm64 | 2.0.4 | 41.00 | OK | |||
r-oldrel-macos-x86_64 | 2.0.4 | 49.00 | OK | |||
r-oldrel-windows-x86_64 | 2.0.4 | 8.00 | 114.00 | 122.00 | OK |
Version: 2.0.4
Check: Rd contents
Result: NOTE
Argument items with no description in Rd file 'randomizationTest.Rd':
‘R’
Flavors: r-devel-linux-x86_64-debian-clang, r-devel-linux-x86_64-debian-gcc, r-devel-linux-x86_64-fedora-clang, r-devel-linux-x86_64-fedora-gcc, r-devel-windows-x86_64