CRAN Package Check Results for Package mlr3shiny

Last updated on 2024-04-13 21:41:43 CEST.

Flavor Version Tinstall Tcheck Ttotal Status Flags
r-devel-linux-x86_64-debian-clang 0.3.0 2.54 25.31 27.85 OK
r-devel-linux-x86_64-debian-gcc 0.3.0 1.61 19.49 21.10 OK
r-devel-linux-x86_64-fedora-clang 0.3.0 35.92 NOTE
r-devel-linux-x86_64-fedora-gcc 0.3.0 34.67 NOTE
r-devel-windows-x86_64 0.3.0 4.00 47.00 51.00 OK
r-patched-linux-x86_64 0.3.0 2.39 24.58 26.97 OK
r-release-linux-x86_64 0.3.0 1.59 24.47 26.06 OK
r-release-macos-arm64 0.3.0 19.00 OK
r-release-macos-x86_64 0.3.0 27.00 OK
r-release-windows-x86_64 0.3.0 5.00 47.00 52.00 OK
r-oldrel-macos-arm64 0.3.0 26.00 OK
r-oldrel-windows-x86_64 0.3.0 5.00 55.00 60.00 OK

Check Details

Version: 0.3.0
Check: dependencies in R code
Result: NOTE Namespaces in Imports field not imported from: ‘DT’ ‘Metrics’ ‘data.table’ ‘dplyr’ ‘mlr3’ ‘mlr3learners’ ‘mlr3measures’ ‘mlr3pipelines’ ‘patchwork’ ‘plyr’ ‘purrr’ ‘shinyWidgets’ ‘shinyalert’ ‘shinydashboard’ ‘shinyjs’ ‘stats’ ‘stringr’ All declared Imports should be used. Flavors: r-devel-linux-x86_64-fedora-clang, r-devel-linux-x86_64-fedora-gcc