CRAN Package Check Results for Package modeltime.resample

Last updated on 2024-02-26 23:03:45 CET.

Flavor Version Tinstall Tcheck Ttotal Status Flags
r-devel-linux-x86_64-debian-clang 0.2.3 27.97 296.59 324.56 OK
r-devel-linux-x86_64-debian-gcc 0.2.3 21.61 221.10 242.71 OK
r-devel-linux-x86_64-fedora-clang 0.2.3 412.43 NOTE
r-devel-linux-x86_64-fedora-gcc 0.2.3 421.11 NOTE
r-devel-windows-x86_64 0.2.3 24.00 204.00 228.00 OK
r-patched-linux-x86_64 0.2.3 27.74 291.13 318.87 OK
r-release-linux-x86_64 0.2.3 2.65 2.05 4.70 ERROR
r-release-macos-arm64 0.2.3 86.00 OK
r-release-macos-x86_64 0.2.3 263.00 OK
r-release-windows-x86_64 0.2.3 30.00 288.00 318.00 OK
r-oldrel-macos-arm64 0.2.3 85.00 OK
r-oldrel-windows-x86_64 0.2.3 34.00 293.00 327.00 OK

Check Details

Version: 0.2.3
Check: package dependencies
Result: NOTE Imports includes 24 non-default packages. Importing from so many packages makes the package vulnerable to any of them becoming unavailable. Move as many as possible to Suggests and use conditionally. Flavor: r-devel-linux-x86_64-fedora-clang

Version: 0.2.3
Check: dependencies in R code
Result: NOTE Namespaces in Imports field not imported from: ‘crayon’ ‘dials’ ‘glue’ ‘parsnip’ All declared Imports should be used. Flavors: r-devel-linux-x86_64-fedora-clang, r-devel-linux-x86_64-fedora-gcc

Version: 0.2.3
Check: package dependencies
Result: ERROR Package required but not available: ‘modeltime’ See section ‘The DESCRIPTION file’ in the ‘Writing R Extensions’ manual. Flavor: r-release-linux-x86_64