CRAN Package Check Results for Package move

Last updated on 2024-02-23 21:56:52 CET.

Flavor Version Tinstall Tcheck Ttotal Status Flags
r-devel-linux-x86_64-debian-clang 4.2.4 NOTE
r-devel-linux-x86_64-debian-gcc 4.2.4 56.14 406.89 463.03 NOTE
r-devel-linux-x86_64-fedora-clang 4.2.4 753.02 OK
r-devel-linux-x86_64-fedora-gcc 4.2.4 762.61 OK
r-devel-windows-x86_64 4.2.4 56.00 430.00 486.00 OK
r-patched-linux-x86_64 4.2.4 71.79 542.43 614.22 OK
r-release-linux-x86_64 4.2.4 69.29 557.16 626.45 OK
r-release-macos-arm64 4.2.4 168.00 NOTE
r-release-macos-x86_64 4.2.4 463.00 NOTE
r-release-windows-x86_64 4.2.4 73.00 591.00 664.00 OK
r-oldrel-macos-arm64 4.2.4 165.00 NOTE
r-oldrel-windows-x86_64 4.2.4 79.00 552.00 631.00 OK

Check Details

Version: 4.2.4
Check: Rd files
Result: NOTE checkRd: (-1) brownian.motion.variance.dyn.Rd:39: Lost braces 39 | \link{brownian.bridge.dyn}, link{dynBGBvariance} | ^ Flavor: r-devel-linux-x86_64-debian-clang

Version: 4.2.4
Check: Rd files
Result: NOTE checkRd: (-1) brownian.motion.variance.dyn.Rd:39: Lost braces 39 | \link{brownian.bridge.dyn}, link{dynBGBvariance} | ^ Flavor: r-devel-linux-x86_64-debian-gcc

Version: 4.2.4
Check: installed package size
Result: NOTE installed size is 5.4Mb sub-directories of 1Mb or more: R 2.0Mb Flavors: r-release-macos-arm64, r-release-macos-x86_64, r-oldrel-macos-arm64

Version: 4.2.4
Check: package dependencies
Result: NOTE Packages suggested but not available for checking: 'ctmm', 'amt' Flavor: r-release-macos-x86_64

Version: 4.2.4
Check: Rd cross-references
Result: NOTE Packages unavailable to check Rd xrefs: ‘ctmm’, ‘amt’ Flavor: r-release-macos-x86_64