CRAN Package Check Results for Package mplot

Last updated on 2024-02-26 23:03:45 CET.

Flavor Version Tinstall Tcheck Ttotal Status Flags
r-devel-linux-x86_64-debian-clang 1.0.6 8.69 80.43 89.12 NOTE
r-devel-linux-x86_64-debian-gcc 1.0.6 7.06 59.38 66.44 NOTE
r-devel-linux-x86_64-fedora-clang 1.0.6 107.53 NOTE
r-devel-linux-x86_64-fedora-gcc 1.0.6 102.34 OK
r-devel-windows-x86_64 1.0.6 9.00 83.00 92.00 OK
r-patched-linux-x86_64 1.0.6 7.44 75.20 82.64 OK
r-release-linux-x86_64 1.0.6 5.66 76.28 81.94 OK
r-release-macos-arm64 1.0.6 39.00 OK
r-release-macos-x86_64 1.0.6 55.00 NOTE
r-release-windows-x86_64 1.0.6 12.00 101.00 113.00 OK
r-oldrel-macos-arm64 1.0.6 37.00 OK
r-oldrel-windows-x86_64 1.0.6 13.00 109.00 122.00 OK

Check Details

Version: 1.0.6
Check: Rd files
Result: NOTE checkRd: (-1) glmfence.Rd:21: Lost braces; missing escapes or markup? 21 | is performed where the boundary is cstar*hat(sigma)_{M,tildeM}.} | ^ checkRd: (-1) lmfence.Rd:21: Lost braces; missing escapes or markup? 21 | is performed where the boundary is cstar*hat(sigma)_{M,tildeM}.} | ^ Flavors: r-devel-linux-x86_64-debian-clang, r-devel-linux-x86_64-debian-gcc, r-devel-linux-x86_64-fedora-clang

Version: 1.0.6
Check: package dependencies
Result: NOTE Packages suggested but not available for checking: 'mvoutlier', 'glmulti' Flavor: r-release-macos-x86_64