CRAN Package Check Results for Package msaR

Last updated on 2024-02-24 21:40:26 CET.

Flavor Version Tinstall Tcheck Ttotal Status Flags
r-devel-linux-x86_64-debian-clang 0.6.0 4.58 47.12 51.70 OK
r-devel-linux-x86_64-debian-gcc 0.6.0 3.62 36.70 40.32 OK
r-devel-linux-x86_64-fedora-clang 0.6.0 63.50 OK
r-devel-linux-x86_64-fedora-gcc 0.6.0 73.78 OK
r-devel-windows-x86_64 0.6.0 5.00 57.00 62.00 OK
r-patched-linux-x86_64 0.6.0 3.76 46.60 50.36 OK
r-release-linux-x86_64 0.6.0 2.67 46.60 49.27 OK
r-release-macos-arm64 0.6.0 32.00 OK
r-release-macos-x86_64 0.6.0 42.00 OK
r-release-windows-x86_64 0.6.0 6.00 69.00 75.00 OK
r-oldrel-macos-arm64 0.6.0 26.00 NOTE
r-oldrel-windows-x86_64 0.6.0 7.00 71.00 78.00 OK

Check Details

Version: 0.6.0
Check: package dependencies
Result: NOTE Package suggested but not available for checking: ‘Biostrings’ Flavor: r-oldrel-macos-arm64

Version: 0.6.0
Check: Rd cross-references
Result: NOTE Package unavailable to check Rd xrefs: ‘Biostrings’ Flavor: r-oldrel-macos-arm64