Last updated on 2023-12-07 23:10:13 CET.
Flavor | Version | Tinstall | Tcheck | Ttotal | Status | Flags |
---|---|---|---|---|---|---|
r-devel-linux-x86_64-debian-clang | 1.0 | 11.53 | 85.79 | 97.32 | NOTE | |
r-devel-linux-x86_64-debian-gcc | 1.0 | 9.50 | 63.80 | 73.30 | NOTE | |
r-devel-linux-x86_64-fedora-clang | 1.0 | 125.42 | NOTE | |||
r-devel-linux-x86_64-fedora-gcc | 1.0 | 120.44 | NOTE | |||
r-devel-windows-x86_64 | 1.0 | 11.00 | 78.00 | 89.00 | OK | |
r-patched-linux-x86_64 | 1.0 | 7.28 | 81.43 | 88.71 | NOTE | |
r-release-linux-x86_64 | 1.0 | 8.01 | 80.24 | 88.25 | NOTE | |
r-release-macos-arm64 | 1.0 | 121.00 | OK | |||
r-release-macos-x86_64 | 1.0 | 59.00 | OK | |||
r-release-windows-x86_64 | 1.0 | 15.00 | 93.00 | 108.00 | OK | |
r-oldrel-macos-arm64 | 1.0 | 38.00 | OK | |||
r-oldrel-macos-x86_64 | 1.0 | 59.00 | OK | |||
r-oldrel-windows-x86_64 | 1.0 | 14.00 | 92.00 | 106.00 | OK |
Version: 1.0
Check: for non-standard things in the check directory
Result: NOTE
Found the following files/directories:
‘Acceleration.pdf’ ‘File1.pdf’ ‘Forecast.pdf’ ‘Series.pdf’
‘Velocity.pdf’
Flavors: r-devel-linux-x86_64-debian-clang, r-devel-linux-x86_64-debian-gcc, r-devel-linux-x86_64-fedora-clang, r-devel-linux-x86_64-fedora-gcc, r-patched-linux-x86_64, r-release-linux-x86_64