CRAN Package Check Results for Package multimorbidity

Last updated on 2024-07-12 22:54:22 CEST.

Flavor Version Tinstall Tcheck Ttotal Status Flags
r-devel-linux-x86_64-debian-clang 0.5.1 8.10 59.94 68.04 OK
r-devel-linux-x86_64-debian-gcc 0.5.1 6.15 44.19 50.34 OK
r-devel-linux-x86_64-fedora-clang 0.5.1 87.49 NOTE
r-devel-linux-x86_64-fedora-gcc 0.5.1 94.68 NOTE
r-devel-windows-x86_64 0.5.1 10.00 63.00 73.00 OK
r-patched-linux-x86_64 0.5.1 8.53 56.42 64.95 OK
r-release-linux-x86_64 0.5.1 5.96 56.29 62.25 OK
r-release-macos-arm64 0.5.1 43.00 OK
r-release-macos-x86_64 0.5.1 62.00 OK
r-release-windows-x86_64 0.5.1 9.00 64.00 73.00 OK
r-oldrel-macos-arm64 0.5.1 35.00 OK
r-oldrel-macos-x86_64 0.5.1 51.00 OK
r-oldrel-windows-x86_64 0.5.1 11.00 68.00 79.00 OK

Check Details

Version: 0.5.1
Check: data for non-ASCII characters
Result: NOTE Note: found 15 marked UTF-8 strings Flavors: r-devel-linux-x86_64-fedora-clang, r-devel-linux-x86_64-fedora-gcc