Last updated on 2023-11-28 09:52:02 CET.
Flavor | Version | Tinstall | Tcheck | Ttotal | Status | Flags |
---|---|---|---|---|---|---|
r-devel-linux-x86_64-debian-clang | 0.3.7 | 83.84 | 81.42 | 165.26 | NOTE | |
r-devel-linux-x86_64-debian-gcc | 0.3.7 | 58.88 | 62.63 | 121.51 | NOTE | |
r-devel-linux-x86_64-fedora-clang | 0.3.7 | 230.00 | NOTE | |||
r-devel-linux-x86_64-fedora-gcc | 0.3.7 | 234.90 | NOTE | |||
r-devel-windows-x86_64 | 0.3.7 | 60.00 | 111.00 | 171.00 | NOTE | |
r-patched-linux-x86_64 | 0.3.7 | 79.97 | 79.34 | 159.31 | NOTE | |
r-release-linux-x86_64 | 0.3.7 | 69.81 | 79.26 | 149.07 | NOTE | |
r-release-macos-arm64 | 0.3.7 | 66.00 | NOTE | |||
r-release-macos-x86_64 | 0.3.7 | 117.00 | NOTE | |||
r-release-windows-x86_64 | 0.3.7 | 81.00 | 129.00 | 210.00 | NOTE | |
r-oldrel-macos-arm64 | 0.3.7 | 64.00 | OK | |||
r-oldrel-macos-x86_64 | 0.3.7 | 78.00 | OK | |||
r-oldrel-windows-x86_64 | 0.3.7 | 78.00 | 120.00 | 198.00 | OK |
Version: 0.3.7
Check: C++ specification
Result: NOTE
Specified C++11: please drop specification unless essential
Flavors: r-devel-linux-x86_64-debian-clang, r-devel-linux-x86_64-debian-gcc, r-devel-linux-x86_64-fedora-clang, r-devel-linux-x86_64-fedora-gcc, r-devel-windows-x86_64, r-patched-linux-x86_64, r-release-linux-x86_64, r-release-macos-arm64, r-release-macos-x86_64, r-release-windows-x86_64
Version: 0.3.7
Check: Rd files
Result: NOTE
checkRd: (-1) nanoperiod.Rd:268: Lost braces
268 | possible to use the binary operator `code{+}`. Instead the
| ^
Flavors: r-devel-linux-x86_64-debian-clang, r-devel-linux-x86_64-debian-gcc