Last updated on 2023-12-02 23:13:52 CET.
Flavor | Version | Tinstall | Tcheck | Ttotal | Status | Flags |
---|---|---|---|---|---|---|
r-devel-linux-x86_64-debian-clang | 0.1.6 | 7.53 | 44.47 | 52.00 | NOTE | |
r-devel-linux-x86_64-debian-gcc | 0.1.6 | 5.05 | 33.72 | 38.77 | NOTE | |
r-devel-linux-x86_64-fedora-clang | 0.1.6 | 63.67 | OK | |||
r-devel-linux-x86_64-fedora-gcc | 0.1.6 | 61.76 | OK | |||
r-devel-windows-x86_64 | 0.1.6 | 7.00 | 54.00 | 61.00 | OK | |
r-patched-linux-x86_64 | 0.1.6 | 6.26 | 43.33 | 49.59 | OK | |
r-release-linux-x86_64 | 0.1.6 | 4.65 | 42.71 | 47.36 | OK | |
r-release-macos-arm64 | 0.1.6 | 26.00 | OK | |||
r-release-macos-x86_64 | 0.1.6 | 32.00 | OK | |||
r-release-windows-x86_64 | 0.1.6 | 9.00 | 58.00 | 67.00 | OK | |
r-oldrel-macos-arm64 | 0.1.6 | 22.00 | OK | |||
r-oldrel-macos-x86_64 | 0.1.6 | 36.00 | OK | |||
r-oldrel-windows-x86_64 | 0.1.6 | 9.00 | 62.00 | 71.00 | OK |
Version: 0.1.6
Check: Rd files
Result: NOTE
checkRd: (-1) fod.Rd:12: Lost braces in \itemize; meant \describe ?
checkRd: (-1) fod.Rd:13: Lost braces in \itemize; meant \describe ?
checkRd: (-1) fod.Rd:14: Lost braces in \itemize; meant \describe ?
Flavors: r-devel-linux-x86_64-debian-clang, r-devel-linux-x86_64-debian-gcc