Last updated on 2023-12-02 23:13:52 CET.
Flavor | Version | Tinstall | Tcheck | Ttotal | Status | Flags |
---|---|---|---|---|---|---|
r-devel-linux-x86_64-debian-clang | 1.2.0 | 7.03 | 68.06 | 75.09 | NOTE | |
r-devel-linux-x86_64-debian-gcc | 1.2.0 | 6.25 | 50.64 | 56.89 | NOTE | |
r-devel-linux-x86_64-fedora-clang | 1.2.0 | 93.74 | OK | |||
r-devel-linux-x86_64-fedora-gcc | 1.2.0 | 93.32 | OK | |||
r-devel-windows-x86_64 | 1.2.0 | 8.00 | 73.00 | 81.00 | OK | |
r-patched-linux-x86_64 | 1.2.0 | 14.62 | 65.35 | 79.97 | OK | |
r-release-linux-x86_64 | 1.2.0 | 8.03 | 64.42 | 72.45 | OK | |
r-release-macos-arm64 | 1.2.0 | 39.00 | OK | |||
r-release-macos-x86_64 | 1.2.0 | 75.00 | OK | |||
r-release-windows-x86_64 | 1.2.0 | 11.00 | 84.00 | 95.00 | OK | |
r-oldrel-macos-arm64 | 1.2.0 | 37.00 | OK | |||
r-oldrel-macos-x86_64 | 1.2.0 | 49.00 | OK | |||
r-oldrel-windows-x86_64 | 1.2.0 | 11.00 | 83.00 | 94.00 | OK |
Version: 1.2.0
Check: Rd files
Result: NOTE
checkRd: (-1) geom_from_path.Rd:71: Lost braces in \itemize; meant \describe ?
checkRd: (-1) geom_from_path.Rd:72: Lost braces in \itemize; meant \describe ?
checkRd: (-1) geom_from_path.Rd:73: Lost braces in \itemize; meant \describe ?
checkRd: (-1) geom_from_path.Rd:74: Lost braces in \itemize; meant \describe ?
checkRd: (-1) geom_from_path.Rd:75: Lost braces in \itemize; meant \describe ?
checkRd: (-1) geom_from_path.Rd:76: Lost braces in \itemize; meant \describe ?
checkRd: (-1) geom_from_path.Rd:77: Lost braces in \itemize; meant \describe ?
checkRd: (-1) geom_from_path.Rd:78: Lost braces in \itemize; meant \describe ?
checkRd: (-1) geom_from_path.Rd:79-82: Lost braces in \itemize; meant \describe ?
checkRd: (-1) geom_from_path.Rd:83-86: Lost braces in \itemize; meant \describe ?
checkRd: (-1) geom_lines.Rd:64: Lost braces in \itemize; meant \describe ?
checkRd: (-1) geom_lines.Rd:65: Lost braces in \itemize; meant \describe ?
checkRd: (-1) geom_lines.Rd:66: Lost braces in \itemize; meant \describe ?
checkRd: (-1) geom_lines.Rd:67: Lost braces in \itemize; meant \describe ?
checkRd: (-1) geom_lines.Rd:68: Lost braces in \itemize; meant \describe ?
checkRd: (-1) geom_lines.Rd:69: Lost braces in \itemize; meant \describe ?
checkRd: (-1) geom_lines.Rd:70: Lost braces in \itemize; meant \describe ?
checkRd: (-1) geom_nfl_headshots.Rd:80: Lost braces in \itemize; meant \describe ?
checkRd: (-1) geom_nfl_headshots.Rd:81: Lost braces in \itemize; meant \describe ?
checkRd: (-1) geom_nfl_headshots.Rd:82: Lost braces in \itemize; meant \describe ?
checkRd: (-1) geom_nfl_headshots.Rd:83: Lost braces in \itemize; meant \describe ?
checkRd: (-1) geom_nfl_headshots.Rd:84: Lost braces in \itemize; meant \describe ?
checkRd: (-1) geom_nfl_headshots.Rd:85: Lost braces in \itemize; meant \describe ?
checkRd: (-1) geom_nfl_headshots.Rd:86: Lost braces in \itemize; meant \describe ?
checkRd: (-1) geom_nfl_headshots.Rd:87: Lost braces in \itemize; meant \describe ?
checkRd: (-1) geom_nfl_headshots.Rd:88-91: Lost braces in \itemize; meant \describe ?
checkRd: (-1) geom_nfl_headshots.Rd:92-95: Lost braces in \itemize; meant \describe ?
checkRd: (-1) geom_nfl_logos.Rd:80: Lost braces in \itemize; meant \describe ?
checkRd: (-1) geom_nfl_logos.Rd:81: Lost braces in \itemize; meant \describe ?
checkRd: (-1) geom_nfl_logos.Rd:82: Lost braces in \itemize; meant \describe ?
checkRd: (-1) geom_nfl_logos.Rd:83: Lost braces in \itemize; meant \describe ?
checkRd: (-1) geom_nfl_logos.Rd:84: Lost braces in \itemize; meant \describe ?
checkRd: (-1) geom_nfl_logos.Rd:85: Lost braces in \itemize; meant \describe ?
checkRd: (-1) geom_nfl_logos.Rd:86: Lost braces in \itemize; meant \describe ?
checkRd: (-1) geom_nfl_logos.Rd:87: Lost braces in \itemize; meant \describe ?
checkRd: (-1) geom_nfl_logos.Rd:88-91: Lost braces in \itemize; meant \describe ?
checkRd: (-1) geom_nfl_logos.Rd:92-95: Lost braces in \itemize; meant \describe ?
checkRd: (-1) geom_nfl_wordmarks.Rd:80: Lost braces in \itemize; meant \describe ?
checkRd: (-1) geom_nfl_wordmarks.Rd:81: Lost braces in \itemize; meant \describe ?
checkRd: (-1) geom_nfl_wordmarks.Rd:82: Lost braces in \itemize; meant \describe ?
checkRd: (-1) geom_nfl_wordmarks.Rd:83: Lost braces in \itemize; meant \describe ?
checkRd: (-1) geom_nfl_wordmarks.Rd:84: Lost braces in \itemize; meant \describe ?
checkRd: (-1) geom_nfl_wordmarks.Rd:85: Lost braces in \itemize; meant \describe ?
checkRd: (-1) geom_nfl_wordmarks.Rd:86: Lost braces in \itemize; meant \describe ?
checkRd: (-1) geom_nfl_wordmarks.Rd:87: Lost braces in \itemize; meant \describe ?
checkRd: (-1) geom_nfl_wordmarks.Rd:88-91: Lost braces in \itemize; meant \describe ?
checkRd: (-1) geom_nfl_wordmarks.Rd:92-95: Lost braces in \itemize; meant \describe ?
Flavors: r-devel-linux-x86_64-debian-clang, r-devel-linux-x86_64-debian-gcc