Last updated on 2023-12-09 06:02:13 CET.
Flavor | Version | Tinstall | Tcheck | Ttotal | Status | Flags |
---|---|---|---|---|---|---|
r-devel-linux-x86_64-debian-clang | 0.2.12 | 157.46 | 127.97 | 285.43 | NOTE | |
r-devel-linux-x86_64-debian-gcc | 0.2.12 | 105.36 | 94.96 | 200.32 | NOTE | |
r-devel-linux-x86_64-fedora-clang | 0.2.12 | 450.32 | NOTE | |||
r-devel-linux-x86_64-fedora-gcc | 0.2.12 | 422.69 | NOTE | |||
r-devel-windows-x86_64 | 0.2.12 | 123.00 | 167.00 | 290.00 | NOTE | |
r-patched-linux-x86_64 | 0.2.12 | 128.06 | 125.10 | 253.16 | NOTE | |
r-release-linux-x86_64 | 0.2.12 | 121.82 | 120.90 | 242.72 | NOTE | |
r-release-macos-arm64 | 0.2.12 | 91.00 | NOTE | |||
r-release-macos-x86_64 | 0.2.12 | 162.00 | NOTE | |||
r-release-windows-x86_64 | 0.2.12 | 156.00 | 192.00 | 348.00 | NOTE | |
r-oldrel-macos-arm64 | 0.2.12 | 103.00 | OK | |||
r-oldrel-macos-x86_64 | 0.2.12 | 120.00 | OK | |||
r-oldrel-windows-x86_64 | 0.2.12 | 157.00 | 155.00 | 312.00 | OK |
Version: 0.2.12
Check: C++ specification
Result: NOTE
Specified C++11: please drop specification unless essential
Flavors: r-devel-linux-x86_64-debian-clang, r-devel-linux-x86_64-debian-gcc, r-devel-linux-x86_64-fedora-clang, r-devel-linux-x86_64-fedora-gcc, r-devel-windows-x86_64, r-patched-linux-x86_64, r-release-linux-x86_64, r-release-macos-arm64, r-release-macos-x86_64, r-release-windows-x86_64