CRAN Package Check Results for Package nvmix

Last updated on 2024-02-20 22:59:09 CET.

Flavor Version Tinstall Tcheck Ttotal Status Flags
r-devel-linux-x86_64-debian-clang 0.1-0 OK
r-devel-linux-x86_64-debian-gcc 0.1-0 16.28 139.11 155.39 OK
r-devel-linux-x86_64-fedora-clang 0.1-0 255.80 OK
r-devel-linux-x86_64-fedora-gcc 0.1-0 259.40 OK
r-devel-windows-x86_64 0.1-0 19.00 183.00 202.00 OK
r-patched-linux-x86_64 0.1-0 19.44 189.51 208.95 WARN
r-release-linux-x86_64 0.1-0 18.36 187.33 205.69 WARN
r-release-macos-arm64 0.1-0 87.00 OK
r-release-macos-x86_64 0.1-0 141.00 OK
r-release-windows-x86_64 0.1-0 24.00 219.00 243.00 WARN
r-oldrel-macos-arm64 0.1-0 76.00 OK
r-oldrel-windows-x86_64 0.1-0 24.00 223.00 247.00 OK

Check Details

Version: 0.1-0
Check: data for ASCII and uncompressed saves
Result: WARN Note: significantly better compression could be obtained by using R CMD build --resave-data old_size new_size compress numerical_experiments_data.RData 1.3Mb 1.2Mb xz Flavors: r-patched-linux-x86_64, r-release-linux-x86_64, r-release-windows-x86_64