CRAN Package Check Results for Package owdbr

Last updated on 2024-07-22 22:56:30 CEST.

Flavor Version Tinstall Tcheck Ttotal Status Flags
r-devel-linux-x86_64-debian-clang 1.0.1.1 4.60 36.38 40.98 NOTE
r-devel-linux-x86_64-debian-gcc 1.0.1.1 3.01 27.91 30.92 NOTE
r-devel-linux-x86_64-fedora-clang 1.0.1.1 51.47 NOTE
r-devel-linux-x86_64-fedora-gcc 1.0.1.1 47.64 NOTE
r-devel-windows-x86_64 1.0.1.1 6.00 48.00 54.00 NOTE
r-patched-linux-x86_64 1.0.1.1 3.89 35.50 39.39 NOTE
r-release-linux-x86_64 1.0.1.1 3.67 34.64 38.31 NOTE
r-release-macos-arm64 1.0.1.1 20.00 NOTE
r-release-macos-x86_64 1.0.1.1 27.00 NOTE
r-release-windows-x86_64 1.0.1.1 4.00 48.00 52.00 NOTE
r-oldrel-macos-arm64 1.0.1.1 21.00 NOTE
r-oldrel-macos-x86_64 1.0.1.1 30.00 NOTE
r-oldrel-windows-x86_64 1.0.1.1 6.00 52.00 58.00 NOTE

Check Details

Version: 1.0.1.1
Check: LazyData
Result: NOTE 'LazyData' is specified without a 'data' directory Flavors: r-devel-linux-x86_64-debian-clang, r-devel-linux-x86_64-debian-gcc, r-devel-linux-x86_64-fedora-clang, r-devel-linux-x86_64-fedora-gcc, r-devel-windows-x86_64, r-patched-linux-x86_64, r-release-linux-x86_64, r-release-macos-arm64, r-release-macos-x86_64, r-release-windows-x86_64, r-oldrel-macos-arm64, r-oldrel-macos-x86_64, r-oldrel-windows-x86_64