CRAN Package Check Results for Package oysteR

Last updated on 2024-04-16 23:52:01 CEST.

Flavor Version Tinstall Tcheck Ttotal Status Flags
r-devel-linux-x86_64-debian-clang 0.1.1 5.79 45.97 51.76 NOTE
r-devel-linux-x86_64-debian-gcc 0.1.1 3.96 35.55 39.51 NOTE
r-devel-linux-x86_64-fedora-clang 0.1.1 66.32 NOTE
r-devel-linux-x86_64-fedora-gcc 0.1.1 63.90 NOTE
r-prerel-macos-arm64 0.1.1 21.00 NOTE
r-prerel-windows-x86_64 0.1.1 6.00 61.00 67.00 NOTE
r-patched-linux-x86_64 0.1.1 4.36 44.98 49.34 NOTE
r-release-linux-x86_64 0.1.1 3.35 44.93 48.28 NOTE
r-release-macos-arm64 0.1.1 21.00 NOTE
r-release-macos-x86_64 0.1.1 29.00 NOTE
r-release-windows-x86_64 0.1.1 7.00 59.00 66.00 NOTE
r-oldrel-macos-arm64 0.1.1 21.00 NOTE
r-oldrel-windows-x86_64 0.1.1 9.00 64.00 73.00 NOTE

Check Details

Version: 0.1.1
Check: LazyData
Result: NOTE 'LazyData' is specified without a 'data' directory Flavors: r-devel-linux-x86_64-debian-clang, r-devel-linux-x86_64-debian-gcc, r-devel-linux-x86_64-fedora-clang, r-devel-linux-x86_64-fedora-gcc, r-prerel-macos-arm64, r-prerel-windows-x86_64, r-patched-linux-x86_64, r-release-linux-x86_64, r-release-macos-arm64, r-release-macos-x86_64, r-release-windows-x86_64, r-oldrel-macos-arm64, r-oldrel-windows-x86_64