Last updated on 2023-11-29 23:55:35 CET.
Flavor | Version | Tinstall | Tcheck | Ttotal | Status | Flags |
---|---|---|---|---|---|---|
r-devel-linux-x86_64-debian-clang | 0.6.5 | 39.12 | 93.85 | 132.97 | NOTE | |
r-devel-linux-x86_64-debian-gcc | 0.6.5 | 25.72 | 69.75 | 95.47 | NOTE | |
r-devel-linux-x86_64-fedora-clang | 0.6.5 | 177.27 | OK | |||
r-devel-linux-x86_64-fedora-gcc | 0.6.5 | 179.15 | OK | |||
r-devel-windows-x86_64 | 0.6.5 | 28.00 | 126.00 | 154.00 | OK | |
r-patched-linux-x86_64 | 0.6.5 | 29.78 | 88.46 | 118.24 | OK | |
r-release-linux-x86_64 | 0.6.5 | 28.91 | 89.22 | 118.13 | OK | |
r-release-macos-arm64 | 0.6.5 | 60.00 | OK | |||
r-release-macos-x86_64 | 0.6.5 | 93.00 | OK | |||
r-release-windows-x86_64 | 0.6.5 | 32.00 | 143.00 | 175.00 | OK | |
r-oldrel-macos-arm64 | 0.6.5 | 53.00 | OK | |||
r-oldrel-macos-x86_64 | 0.6.5 | 70.00 | OK | |||
r-oldrel-windows-x86_64 | 0.6.5 | 41.00 | 124.00 | 165.00 | OK |
Version: 0.6.5
Check: Rd files
Result: NOTE
checkRd: (-1) Pandoc.convert.Rd:42: Lost braces
42 | Calling John MacFarlane's great program to convert specified file (see \code{f} parameter below) or character vector {see \code{text} paramater} to other formats like \code{HTML}, \code{pdf}, \code{docx}, \code{odt} etc.
| ^
Flavors: r-devel-linux-x86_64-debian-clang, r-devel-linux-x86_64-debian-gcc