CRAN Package Check Results for Package panelWranglR

Last updated on 2024-02-25 23:02:15 CET.

Flavor Version Tinstall Tcheck Ttotal Status Flags
r-devel-linux-x86_64-debian-clang 1.2.13 16.43 163.62 180.05 NOTE
r-devel-linux-x86_64-debian-gcc 1.2.13 12.46 125.73 138.19 NOTE
r-devel-linux-x86_64-fedora-clang 1.2.13 218.60 NOTE
r-devel-linux-x86_64-fedora-gcc 1.2.13 209.11 NOTE
r-devel-windows-x86_64 1.2.13 14.00 142.00 156.00 NOTE
r-patched-linux-x86_64 1.2.13 12.61 159.30 171.91 NOTE
r-release-linux-x86_64 1.2.13 10.92 159.58 170.50 NOTE
r-release-macos-arm64 1.2.13 73.00 NOTE
r-release-macos-x86_64 1.2.13 116.00 NOTE
r-release-windows-x86_64 1.2.13 18.00 173.00 191.00 NOTE
r-oldrel-macos-arm64 1.2.13 65.00 NOTE
r-oldrel-windows-x86_64 1.2.13 19.00 176.00 195.00 NOTE

Check Details

Version: 1.2.13
Check: LazyData
Result: NOTE 'LazyData' is specified without a 'data' directory Flavors: r-devel-linux-x86_64-debian-clang, r-devel-linux-x86_64-debian-gcc, r-devel-linux-x86_64-fedora-clang, r-devel-linux-x86_64-fedora-gcc, r-devel-windows-x86_64, r-patched-linux-x86_64, r-release-linux-x86_64, r-release-macos-arm64, r-release-macos-x86_64, r-release-windows-x86_64, r-oldrel-macos-arm64, r-oldrel-windows-x86_64