CRAN Package Check Results for Package pcts

Last updated on 2024-07-23 23:48:19 CEST.

Flavor Version Tinstall Tcheck Ttotal Status Flags
r-devel-linux-x86_64-debian-clang 0.15.7 42.83 296.63 339.46 OK
r-devel-linux-x86_64-debian-gcc 0.15.7 31.26 208.23 239.49 NOTE
r-devel-linux-x86_64-fedora-clang 0.15.7 415.56 OK
r-devel-linux-x86_64-fedora-gcc 0.15.7 401.38 OK
r-devel-windows-x86_64 0.15.7 37.00 233.00 270.00 NOTE
r-patched-linux-x86_64 0.15.7 45.55 281.16 326.71 OK
r-release-linux-x86_64 0.15.7 40.82 272.44 313.26 OK
r-release-macos-arm64 0.15.7 112.00 OK
r-release-macos-x86_64 0.15.7 216.00 OK
r-release-windows-x86_64 0.15.7 36.00 231.00 267.00 OK
r-oldrel-macos-arm64 0.15.7 122.00 OK
r-oldrel-macos-x86_64 0.15.7 216.00 OK
r-oldrel-windows-x86_64 0.15.7 49.00 291.00 340.00 OK

Check Details

Version: 0.15.7
Check: Rd cross-references
Result: NOTE Found the following Rd file(s) with Rd \link{} targets missing package anchors: FittedPeriodicArmaModel-class.Rd: VirtualArmaFilter-class, InterceptSpec-class, VirtualMonicFilter-class PartialPeriodicAutocorrelations-class.Rd: FlexibleLagged-class, Lagged-class PeriodicArmaFilter-class.Rd: VirtualArmaFilter-class, VirtualMonicFilter-class PeriodicAutocorrelations-class.Rd: FlexibleLagged-class, Lagged-class PeriodicAutocovariances-class.Rd: FlexibleLagged-class, Lagged-class PeriodicBJFilter-class.Rd: VirtualBJFilter-class, VirtualMonicFilterSpec-class, VirtualMonicFilter-class PeriodicInterceptSpec-class.Rd: index-class, replValue-class, number-class, atomicVector-class PeriodicMTS-class.Rd: optionalMatrix-class PeriodicSPFilter-class.Rd: VirtualSPFilter-class, VirtualMonicFilterSpec-class, VirtualMonicFilter-class PeriodicTS-class.Rd: index-class, replValue-class, number-class, atomicVector-class PeriodicVector-class.Rd: atomicVector-class, index-class, number-class, replValue-class SamplePeriodicAutocorrelations-class.Rd: Fitted-class, FlexibleLagged-class, Lagged-class SamplePeriodicAutocovariances-class.Rd: Fitted-class, FlexibleLagged-class, Lagged-class partialAutocorrelations-methods.Rd: partialAutocovariances pcacfMat.Rd: slMatrix-class sim_parCoef.Rd: sim_pcfilter, sim_mc Please provide package anchors for all Rd \link{} targets not in the package itself and the base packages. Flavors: r-devel-linux-x86_64-debian-gcc, r-devel-windows-x86_64