CRAN Package Check Results for Package peRiodiCS

Last updated on 2024-02-25 23:02:15 CET.

Flavor Version Tinstall Tcheck Ttotal Status Flags
r-devel-linux-x86_64-debian-clang 0.5.0 7.94 67.14 75.08 OK
r-devel-linux-x86_64-debian-gcc 0.5.0 5.28 49.79 55.07 OK
r-devel-linux-x86_64-fedora-clang 0.5.0 92.60 NOTE
r-devel-linux-x86_64-fedora-gcc 0.5.0 84.66 NOTE
r-devel-windows-x86_64 0.5.0 8.00 68.00 76.00 OK
r-patched-linux-x86_64 0.5.0 6.04 62.89 68.93 OK
r-release-linux-x86_64 0.5.0 4.57 62.98 67.55 OK
r-release-macos-arm64 0.5.0 32.00 OK
r-release-macos-x86_64 0.5.0 46.00 OK
r-release-windows-x86_64 0.5.0 10.00 79.00 89.00 OK
r-oldrel-macos-arm64 0.5.0 42.00 NOTE
r-oldrel-windows-x86_64 0.5.0 10.00 82.00 92.00 OK

Check Details

Version: 0.5.0
Check: dependencies in R code
Result: NOTE Namespace in Imports field not imported from: ‘rms’ All declared Imports should be used. Flavors: r-devel-linux-x86_64-fedora-clang, r-devel-linux-x86_64-fedora-gcc, r-oldrel-macos-arm64