Last updated on 2023-12-02 23:13:54 CET.
Flavor | Version | Tinstall | Tcheck | Ttotal | Status | Flags |
---|---|---|---|---|---|---|
r-devel-linux-x86_64-debian-clang | 0.2.1 | 59.19 | 53.28 | 112.47 | NOTE | |
r-devel-linux-x86_64-debian-gcc | 0.2.1 | 40.58 | 40.91 | 81.49 | NOTE | |
r-devel-linux-x86_64-fedora-clang | 0.2.1 | 167.40 | NOTE | |||
r-devel-linux-x86_64-fedora-gcc | 0.2.1 | 165.32 | NOTE | |||
r-devel-windows-x86_64 | 0.2.1 | 45.00 | 91.00 | 136.00 | NOTE | |
r-patched-linux-x86_64 | 0.2.1 | 47.83 | 51.80 | 99.63 | NOTE | |
r-release-linux-x86_64 | 0.2.1 | 48.56 | 51.99 | 100.55 | NOTE | |
r-release-macos-arm64 | 0.2.1 | 56.00 | NOTE | |||
r-release-macos-x86_64 | 0.2.1 | 80.00 | NOTE | |||
r-release-windows-x86_64 | 0.2.1 | 55.00 | 107.00 | 162.00 | NOTE | |
r-oldrel-macos-arm64 | 0.2.1 | 43.00 | OK | |||
r-oldrel-macos-x86_64 | 0.2.1 | 56.00 | OK | |||
r-oldrel-windows-x86_64 | 0.2.1 | 55.00 | 94.00 | 149.00 | OK |
Version: 0.2.1
Check: C++ specification
Result: NOTE
Specified C++11: please drop specification unless essential
Flavors: r-devel-linux-x86_64-debian-clang, r-devel-linux-x86_64-debian-gcc, r-devel-linux-x86_64-fedora-clang, r-devel-linux-x86_64-fedora-gcc, r-devel-windows-x86_64, r-patched-linux-x86_64, r-release-linux-x86_64, r-release-macos-arm64, r-release-macos-x86_64, r-release-windows-x86_64
Version: 0.2.1
Check: package dependencies
Result: NOTE
Package suggested but not available for checking: ‘vcfR’
Flavor: r-release-macos-x86_64