CRAN Package Check Results for Package phase

Last updated on 2024-02-24 21:40:28 CET.

Flavor Version Tinstall Tcheck Ttotal Status Flags
r-devel-linux-x86_64-debian-clang 1.2.9 11.87 147.25 159.12 NOTE
r-devel-linux-x86_64-debian-gcc 1.2.9 11.01 111.47 122.48 NOTE
r-devel-linux-x86_64-fedora-clang 1.2.9 191.72 OK
r-devel-linux-x86_64-fedora-gcc 1.2.9 184.89 OK
r-devel-windows-x86_64 1.2.9 14.00 117.00 131.00 OK
r-patched-linux-x86_64 1.2.9 11.78 142.46 154.24 OK
r-release-linux-x86_64 1.2.9 9.51 144.93 154.44 OK
r-release-macos-arm64 1.2.9 55.00 OK
r-release-macos-x86_64 1.2.9 86.00 OK
r-release-windows-x86_64 1.2.9 18.00 140.00 158.00 OK
r-oldrel-macos-arm64 1.2.9 41.00 OK
r-oldrel-windows-x86_64 1.2.9 19.00 140.00 159.00 OK

Check Details

Version: 1.2.9
Check: Rd files
Result: NOTE checkRd: (-1) rosePlotsAct.Rd:19: Lost braces; missing escapes or markup? 19 | A \code{plotly} {htmlwidget} with rose plots for locomotor activity. | ^ checkRd: (-1) rosePlotsSleep.Rd:19: Lost braces; missing escapes or markup? 19 | #' @return A \code{plotly} {htmlwidget} with rose plots for sleep data. | ^ Flavors: r-devel-linux-x86_64-debian-clang, r-devel-linux-x86_64-debian-gcc