CRAN Package Check Results for Package phecodemap

Last updated on 2024-02-26 23:03:47 CET.

Flavor Version Tinstall Tcheck Ttotal Status Flags
r-devel-linux-x86_64-debian-clang 0.1.0 6.98 54.32 61.30 OK
r-devel-linux-x86_64-debian-gcc 0.1.0 5.84 42.36 48.20 OK
r-devel-linux-x86_64-fedora-clang 0.1.0 76.45 NOTE
r-devel-linux-x86_64-fedora-gcc 0.1.0 85.64 NOTE
r-devel-windows-x86_64 0.1.0 8.00 62.00 70.00 OK
r-patched-linux-x86_64 0.1.0 5.71 53.54 59.25 OK
r-release-linux-x86_64 0.1.0 4.93 52.24 57.17 OK
r-release-macos-arm64 0.1.0 37.00 OK
r-release-macos-x86_64 0.1.0 50.00 OK
r-release-windows-x86_64 0.1.0 11.00 69.00 80.00 OK
r-oldrel-macos-arm64 0.1.0 39.00 NOTE
r-oldrel-windows-x86_64 0.1.0 12.00 79.00 91.00 OK

Check Details

Version: 0.1.0
Check: data for non-ASCII characters
Result: NOTE Note: found 114 marked UTF-8 strings Flavors: r-devel-linux-x86_64-fedora-clang, r-devel-linux-x86_64-fedora-gcc, r-oldrel-macos-arm64