CRAN Package Check Results for Package phia

Last updated on 2024-07-22 22:56:31 CEST.

Flavor Version Tinstall Tcheck Ttotal Status Flags
r-devel-linux-x86_64-debian-clang 0.3-1 9.98 91.49 101.47 OK
r-devel-linux-x86_64-debian-gcc 0.3-1 5.96 68.22 74.18 NOTE
r-devel-linux-x86_64-fedora-clang 0.3-1 123.19 OK
r-devel-linux-x86_64-fedora-gcc 0.3-1 129.52 OK
r-devel-windows-x86_64 0.3-1 9.00 94.00 103.00 NOTE
r-patched-linux-x86_64 0.3-1 17.70 86.15 103.85 OK
r-release-linux-x86_64 0.3-1 6.31 87.05 93.36 OK
r-release-macos-arm64 0.3-1 43.00 OK
r-release-macos-x86_64 0.3-1 63.00 OK
r-release-windows-x86_64 0.3-1 9.00 96.00 105.00 OK
r-oldrel-macos-arm64 0.3-1 50.00 OK
r-oldrel-macos-x86_64 0.3-1 133.00 OK
r-oldrel-windows-x86_64 0.3-1 11.00 103.00 114.00 OK

Check Details

Version: 0.3-1
Check: Rd cross-references
Result: NOTE Found the following Rd file(s) with Rd \link{} targets missing package anchors: interactionMeans.Rd: Anova, linearHypothesis testFactors.Rd: linearHypothesis, Anova testInteractions.Rd: Anova, linearHypothesis Please provide package anchors for all Rd \link{} targets not in the package itself and the base packages. Flavors: r-devel-linux-x86_64-debian-gcc, r-devel-windows-x86_64