CRAN Package Check Results for Package pkgdown

Last updated on 2024-02-26 23:03:48 CET.

Flavor Version Tinstall Tcheck Ttotal Status Flags
r-devel-linux-x86_64-debian-clang 2.0.7 10.71 168.74 179.45 NOTE
r-devel-linux-x86_64-debian-gcc 2.0.7 7.55 127.27 134.82 NOTE
r-devel-linux-x86_64-fedora-clang 2.0.7 226.25 NOTE
r-devel-linux-x86_64-fedora-gcc 2.0.7 238.93 NOTE
r-devel-windows-x86_64 2.0.7 12.00 181.00 193.00 OK
r-patched-linux-x86_64 2.0.7 11.15 163.72 174.87 OK
r-release-linux-x86_64 2.0.7 10.31 164.05 174.36 OK
r-release-macos-arm64 2.0.7 132.00 OK
r-release-macos-x86_64 2.0.7 142.00 OK
r-release-windows-x86_64 2.0.7 15.00 202.00 217.00 OK
r-oldrel-macos-arm64 2.0.7 120.00 OK
r-oldrel-windows-x86_64 2.0.7 16.00 194.00 210.00 OK

Check Details

Version: 2.0.7
Check: Rd files
Result: NOTE checkRd: (-1) build_reference.Rd:157: Lost braces; missing escapes or markup? 157 | a top-level \code{icons} directory. This should contain {.png} files that are | ^ Flavors: r-devel-linux-x86_64-debian-clang, r-devel-linux-x86_64-debian-gcc, r-devel-linux-x86_64-fedora-clang, r-devel-linux-x86_64-fedora-gcc

Version: 2.0.7
Check: Rd cross-references
Result: NOTE Undeclared package ‘usethis’ in Rd xrefs Flavor: r-devel-linux-x86_64-fedora-clang