CRAN Package Check Results for Package pkgnet

Last updated on 2024-04-12 00:04:09 CEST.

Flavor Version Tinstall Tcheck Ttotal Status Flags
r-devel-linux-x86_64-debian-clang 0.4.2 14.13 50.78 64.91 NOTE
r-devel-linux-x86_64-debian-gcc 0.4.2 8.66 37.36 46.02 NOTE
r-devel-linux-x86_64-fedora-clang 0.4.2 82.43 NOTE
r-devel-linux-x86_64-fedora-gcc 0.4.2 78.34 NOTE
r-devel-windows-x86_64 0.4.2 11.00 59.00 70.00 NOTE
r-patched-linux-x86_64 0.4.2 11.71 47.23 58.94 NOTE
r-release-linux-x86_64 0.4.2 10.99 47.65 58.64 OK
r-release-macos-arm64 0.4.2 25.00 OK
r-release-macos-x86_64 0.4.2 40.00 OK
r-release-windows-x86_64 0.4.2 16.00 64.00 80.00 OK
r-oldrel-macos-arm64 0.4.2 27.00 OK
r-oldrel-windows-x86_64 0.4.2 17.00 69.00 86.00 OK

Check Details

Version: 0.4.2
Check: Rd files
Result: NOTE checkRd: (-1) DependencyReporter.Rd:21-28: Lost braces in \itemize; meant \describe ? checkRd: (-1) DependencyReporter.Rd:44-55: Lost braces in \itemize; meant \describe ? checkRd: (-1) DependencyReporter.Rd:56-60: Lost braces in \itemize; meant \describe ? checkRd: (-1) DependencyReporter.Rd:69-75: Lost braces in \itemize; meant \describe ? checkRd: (-1) DependencyReporter.Rd:87-91: Lost braces in \itemize; meant \describe ? checkRd: (-1) DependencyReporter.Rd:147-153: Lost braces in \itemize; meant \describe ? checkRd: (-1) DependencyReporter.Rd:154-158: Lost braces in \itemize; meant \describe ? checkRd: (-1) DirectedGraph.Rd:27-33: Lost braces in \itemize; meant \describe ? checkRd: (-1) DirectedGraph.Rd:34-38: Lost braces in \itemize; meant \describe ? checkRd: (-1) DirectedGraph.Rd:45-51: Lost braces in \itemize; meant \describe ? checkRd: (-1) DirectedGraph.Rd:52-56: Lost braces in \itemize; meant \describe ? checkRd: (-1) FunctionReporter.Rd:63-70: Lost braces in \itemize; meant \describe ? checkRd: (-1) FunctionReporter.Rd:86-97: Lost braces in \itemize; meant \describe ? checkRd: (-1) FunctionReporter.Rd:98-102: Lost braces in \itemize; meant \describe ? checkRd: (-1) FunctionReporter.Rd:111-117: Lost braces in \itemize; meant \describe ? checkRd: (-1) FunctionReporter.Rd:129-133: Lost braces in \itemize; meant \describe ? checkRd: (-1) FunctionReporter.Rd:189-195: Lost braces in \itemize; meant \describe ? checkRd: (-1) FunctionReporter.Rd:196-200: Lost braces in \itemize; meant \describe ? checkRd: (-1) GraphClasses.Rd:21-26: Lost braces in \itemize; meant \describe ? checkRd: (-1) GraphClasses.Rd:27-31: Lost braces in \itemize; meant \describe ? checkRd: (-1) GraphClasses.Rd:44-50: Lost braces in \itemize; meant \describe ? checkRd: (-1) GraphClasses.Rd:51-55: Lost braces in \itemize; meant \describe ? checkRd: (-1) GraphClasses.Rd:62-68: Lost braces in \itemize; meant \describe ? checkRd: (-1) GraphClasses.Rd:69-73: Lost braces in \itemize; meant \describe ? checkRd: (-1) GraphClasses.Rd:106-110: Lost braces in \itemize; meant \describe ? checkRd: (-1) GraphClasses.Rd:111-115: Lost braces in \itemize; meant \describe ? checkRd: (-1) GraphClasses.Rd:121-125: Lost braces in \itemize; meant \describe ? checkRd: (-1) InheritanceReporter.Rd:49-56: Lost braces in \itemize; meant \describe ? checkRd: (-1) InheritanceReporter.Rd:72-83: Lost braces in \itemize; meant \describe ? checkRd: (-1) InheritanceReporter.Rd:84-88: Lost braces in \itemize; meant \describe ? checkRd: (-1) InheritanceReporter.Rd:97-103: Lost braces in \itemize; meant \describe ? checkRd: (-1) InheritanceReporter.Rd:115-119: Lost braces in \itemize; meant \describe ? checkRd: (-1) InheritanceReporter.Rd:175-181: Lost braces in \itemize; meant \describe ? checkRd: (-1) InheritanceReporter.Rd:182-186: Lost braces in \itemize; meant \describe ? checkRd: (-1) NetworkReporters.Rd:24-28: Lost braces in \itemize; meant \describe ? checkRd: (-1) PackageReport.Rd:23-36: Lost braces in \itemize; meant \describe ? checkRd: (-1) PackageReport.Rd:37-39: Lost braces in \itemize; meant \describe ? checkRd: (-1) PackageReport.Rd:49-53: Lost braces in \itemize; meant \describe ? checkRd: (-1) PackageReport.Rd:50-52: Lost braces 50 | \item{\bold{\code{reporter}}: Instantiated package reporter | ^ checkRd: (-1) PackageReport.Rd:54-58: Lost braces in \itemize; meant \describe ? checkRd: (-1) PackageReport.Rd:65-69: Lost braces in \itemize; meant \describe ? checkRd: (-1) PackageReport.Rd:107-113: Lost braces in \itemize; meant \describe ? checkRd: (-1) PackageReport.Rd:114-118: Lost braces in \itemize; meant \describe ? checkRd: (-1) PackageReporters.Rd:18-25: Lost braces in \itemize; meant \describe ? checkRd: (-1) PackageReporters.Rd:41-52: Lost braces in \itemize; meant \describe ? checkRd: (-1) PackageReporters.Rd:53-57: Lost braces in \itemize; meant \describe ? checkRd: (-1) PackageReporters.Rd:66-72: Lost braces in \itemize; meant \describe ? checkRd: (-1) PackageReporters.Rd:99-105: Lost braces in \itemize; meant \describe ? checkRd: (-1) PackageReporters.Rd:106-110: Lost braces in \itemize; meant \describe ? checkRd: (-1) SummaryReporter.Rd:19-26: Lost braces in \itemize; meant \describe ? checkRd: (-1) SummaryReporter.Rd:42-53: Lost braces in \itemize; meant \describe ? checkRd: (-1) SummaryReporter.Rd:54-58: Lost braces in \itemize; meant \describe ? checkRd: (-1) SummaryReporter.Rd:67-73: Lost braces in \itemize; meant \describe ? checkRd: (-1) SummaryReporter.Rd:100-106: Lost braces in \itemize; meant \describe ? checkRd: (-1) SummaryReporter.Rd:107-111: Lost braces in \itemize; meant \describe ? Flavors: r-devel-linux-x86_64-debian-clang, r-devel-linux-x86_64-debian-gcc, r-devel-linux-x86_64-fedora-clang, r-devel-linux-x86_64-fedora-gcc, r-devel-windows-x86_64, r-patched-linux-x86_64

Version: 0.4.2
Check: HTML version of manual
Result: NOTE Found the following HTML validation problems: DependencyReporter.html:35:1 (DependencyReporter.Rd:18): Warning: trimming empty <dt> FunctionReporter.html:101:1 (FunctionReporter.Rd:60): Warning: trimming empty <dt> InheritanceReporter.html:79:1 (InheritanceReporter.Rd:46): Warning: trimming empty <dt> PackageReporters.html:34:1 (PackageReporters.Rd:15): Warning: trimming empty <dt> SummaryReporter.html:33:1 (SummaryReporter.Rd:16): Warning: trimming empty <dt> Flavors: r-devel-linux-x86_64-debian-clang, r-devel-linux-x86_64-debian-gcc, r-devel-linux-x86_64-fedora-clang, r-devel-linux-x86_64-fedora-gcc, r-devel-windows-x86_64, r-patched-linux-x86_64

Version: 0.4.2
Check: Rd cross-references
Result: NOTE Undeclared package ‘htmlwidgets’ in Rd xrefs Flavor: r-devel-linux-x86_64-fedora-clang