Last updated on 2023-12-04 21:56:20 CET.
Flavor | Version | Tinstall | Tcheck | Ttotal | Status | Flags |
---|---|---|---|---|---|---|
r-devel-linux-x86_64-debian-clang | 2.6-3 | 22.03 | 228.03 | 250.06 | OK | |
r-devel-linux-x86_64-debian-gcc | 2.6-3 | 18.46 | 167.10 | 185.56 | OK | |
r-devel-linux-x86_64-fedora-clang | 2.6-3 | 307.56 | NOTE | |||
r-devel-linux-x86_64-fedora-gcc | 2.6-3 | 304.12 | OK | |||
r-devel-windows-x86_64 | 2.6-3 | 22.00 | 197.00 | 219.00 | NOTE | |
r-patched-linux-x86_64 | 2.6-3 | 22.81 | 214.45 | 237.26 | OK | |
r-release-linux-x86_64 | 2.6-3 | 21.58 | 212.95 | 234.53 | OK | |
r-release-macos-arm64 | 2.6-3 | 88.00 | NOTE | |||
r-release-macos-x86_64 | 2.6-3 | 200.00 | NOTE | |||
r-release-windows-x86_64 | 2.6-3 | 28.00 | 233.00 | 261.00 | NOTE | |
r-oldrel-macos-arm64 | 2.6-3 | 81.00 | NOTE | |||
r-oldrel-macos-x86_64 | 2.6-3 | 105.00 | NOTE | |||
r-oldrel-windows-x86_64 | 2.6-3 | 30.00 | 221.00 | 251.00 | NOTE |
Version: 2.6-3
Check: installed package size
Result: NOTE
installed size is 5.7Mb
sub-directories of 1Mb or more:
tests 3.1Mb
Flavors: r-devel-linux-x86_64-fedora-clang, r-devel-windows-x86_64, r-release-macos-arm64, r-release-macos-x86_64, r-release-windows-x86_64, r-oldrel-macos-arm64, r-oldrel-macos-x86_64, r-oldrel-windows-x86_64