CRAN Package Check Results for Package polimetrics

Last updated on 2024-05-17 22:56:53 CEST.

Flavor Version Tinstall Tcheck Ttotal Status Flags
r-devel-linux-x86_64-debian-clang 1.2.1.14 5.55 44.36 49.91 OK
r-devel-linux-x86_64-debian-gcc 1.2.1.14 3.99 33.08 37.07 OK
r-devel-linux-x86_64-fedora-clang 1.2.1.14 60.66 NOTE
r-devel-linux-x86_64-fedora-gcc 1.2.1.14 78.69 NOTE
r-devel-windows-x86_64 1.2.1.14 6.00 52.00 58.00 OK
r-patched-linux-x86_64 1.2.1.14 5.37 42.56 47.93 OK
r-release-linux-x86_64 1.2.1.14 4.98 41.69 46.67 OK
r-release-macos-arm64 1.2.1.14 22.00 OK
r-release-windows-x86_64 1.2.1.14 7.00 53.00 60.00 OK
r-oldrel-macos-arm64 1.2.1.14 24.00 OK
r-oldrel-macos-x86_64 1.2.1.14 32.00 OK
r-oldrel-windows-x86_64 1.2.1.14 8.00 57.00 65.00 OK

Check Details

Version: 1.2.1.14
Check: dependencies in R code
Result: NOTE Namespaces in Imports field not imported from: ‘MASS’ ‘car’ ‘formula.tools’ ‘ggplot2’ ‘gplots’ ‘graphics’ ‘purrr’ ‘rstatix’ ‘stringr’ ‘tidyverse’ All declared Imports should be used. Flavors: r-devel-linux-x86_64-fedora-clang, r-devel-linux-x86_64-fedora-gcc

Version: 1.2.1.14
Check: data for non-ASCII characters
Result: NOTE Note: found 2 marked UTF-8 strings Flavors: r-devel-linux-x86_64-fedora-clang, r-devel-linux-x86_64-fedora-gcc