Last updated on 2023-12-02 02:49:19 CET.
Flavor | Version | Tinstall | Tcheck | Ttotal | Status | Flags |
---|---|---|---|---|---|---|
r-devel-linux-x86_64-debian-clang | 1.0-0 | 5.27 | 542.43 | 547.70 | NOTE | |
r-devel-linux-x86_64-debian-gcc | 1.0-0 | 3.87 | 371.83 | 375.70 | NOTE | |
r-devel-linux-x86_64-fedora-clang | 1.0-0 | 580.53 | NOTE | |||
r-devel-linux-x86_64-fedora-gcc | 1.0-0 | 637.75 | NOTE | |||
r-devel-windows-x86_64 | 1.0-0 | 76.00 | 287.00 | 363.00 | NOTE | |
r-patched-linux-x86_64 | 1.0-0 | 6.90 | 496.07 | 502.97 | NOTE | |
r-release-linux-x86_64 | 1.0-0 | 5.32 | 506.93 | 512.25 | NOTE | |
r-release-macos-arm64 | 1.0-0 | 161.00 | NOTE | |||
r-release-macos-x86_64 | 1.0-0 | 282.00 | NOTE | |||
r-release-windows-x86_64 | 1.0-0 | 101.00 | 384.00 | 485.00 | NOTE | |
r-oldrel-macos-arm64 | 1.0-0 | 165.00 | OK | |||
r-oldrel-macos-x86_64 | 1.0-0 | 236.00 | OK | |||
r-oldrel-windows-x86_64 | 1.0-0 | 104.00 | 634.00 | 738.00 | OK |
Version: 1.0-0
Check: package subdirectories
Result: NOTE
Problems with news in ‘NEWS.md’:
No news entries found.
Flavors: r-devel-linux-x86_64-debian-clang, r-devel-linux-x86_64-debian-gcc, r-devel-linux-x86_64-fedora-clang, r-devel-linux-x86_64-fedora-gcc, r-devel-windows-x86_64, r-patched-linux-x86_64, r-release-linux-x86_64, r-release-macos-arm64, r-release-macos-x86_64, r-release-windows-x86_64