CRAN Package Check Results for Package prediction

Last updated on 2024-02-23 21:56:55 CET.

Flavor Version Tinstall Tcheck Ttotal Status Flags
r-devel-linux-x86_64-debian-clang 0.3.14 NOTE
r-devel-linux-x86_64-debian-gcc 0.3.14 4.35 42.19 46.54 NOTE
r-devel-linux-x86_64-fedora-clang 0.3.14 78.37 NOTE
r-devel-linux-x86_64-fedora-gcc 0.3.14 103.59 NOTE
r-devel-windows-x86_64 0.3.14 6.00 79.00 85.00 NOTE
r-patched-linux-x86_64 0.3.14 7.26 54.30 61.56 NOTE
r-release-linux-x86_64 0.3.14 6.90 53.29 60.19 NOTE
r-release-macos-arm64 0.3.14 37.00 NOTE
r-release-macos-x86_64 0.3.14 59.00 NOTE
r-release-windows-x86_64 0.3.14 9.00 71.00 80.00 NOTE
r-oldrel-macos-arm64 0.3.14 33.00 OK
r-oldrel-windows-x86_64 0.3.14 9.00 79.00 88.00 NOTE

Check Details

Version: 0.3.14
Check: package dependencies
Result: NOTE Package which this enhances but not available for checking: ‘ffbase’ Flavors: r-devel-linux-x86_64-debian-clang, r-devel-linux-x86_64-debian-gcc, r-devel-linux-x86_64-fedora-clang, r-devel-linux-x86_64-fedora-gcc, r-devel-windows-x86_64, r-patched-linux-x86_64, r-release-linux-x86_64, r-release-macos-arm64, r-release-macos-x86_64, r-release-windows-x86_64, r-oldrel-windows-x86_64

Version: 0.3.14
Check: Rd cross-references
Result: NOTE Unknown package ‘ffbase’ in Rd xrefs Flavors: r-devel-linux-x86_64-debian-clang, r-devel-linux-x86_64-debian-gcc, r-devel-linux-x86_64-fedora-clang, r-devel-linux-x86_64-fedora-gcc, r-devel-windows-x86_64, r-patched-linux-x86_64, r-release-linux-x86_64, r-release-macos-arm64, r-release-macos-x86_64, r-release-windows-x86_64, r-oldrel-windows-x86_64