CRAN Package Check Results for Package predtoolsTS

Last updated on 2023-12-07 23:10:16 CET.

Flavor Version Tinstall Tcheck Ttotal Status Flags
r-devel-linux-x86_64-debian-clang 0.1.1 3.96 50.54 54.50 NOTE
r-devel-linux-x86_64-debian-gcc 0.1.1 2.86 38.34 41.20 NOTE
r-devel-linux-x86_64-fedora-clang 0.1.1 67.57 NOTE
r-devel-linux-x86_64-fedora-gcc 0.1.1 67.54 NOTE
r-devel-windows-x86_64 0.1.1 5.00 69.00 74.00 NOTE
r-patched-linux-x86_64 0.1.1 3.93 49.13 53.06 NOTE
r-release-linux-x86_64 0.1.1 2.57 48.26 50.83 NOTE
r-release-macos-arm64 0.1.1 27.00 NOTE
r-release-macos-x86_64 0.1.1 35.00 NOTE
r-release-windows-x86_64 0.1.1 7.00 75.00 82.00 NOTE
r-oldrel-macos-arm64 0.1.1 23.00 NOTE
r-oldrel-macos-x86_64 0.1.1 37.00 NOTE
r-oldrel-windows-x86_64 0.1.1 6.00 73.00 79.00 NOTE

Check Details

Version: 0.1.1
Check: LazyData
Result: NOTE 'LazyData' is specified without a 'data' directory Flavors: r-devel-linux-x86_64-debian-clang, r-devel-linux-x86_64-debian-gcc, r-devel-linux-x86_64-fedora-clang, r-devel-linux-x86_64-fedora-gcc, r-devel-windows-x86_64, r-patched-linux-x86_64, r-release-linux-x86_64, r-release-macos-arm64, r-release-macos-x86_64, r-release-windows-x86_64, r-oldrel-macos-arm64, r-oldrel-macos-x86_64, r-oldrel-windows-x86_64