Last updated on 2023-12-02 23:13:55 CET.
Flavor | Version | Tinstall | Tcheck | Ttotal | Status | Flags |
---|---|---|---|---|---|---|
r-devel-linux-x86_64-debian-clang | 1.0 | 162.54 | 352.17 | 514.71 | NOTE | |
r-devel-linux-x86_64-debian-gcc | 1.0 | 132.51 | 303.19 | 435.70 | NOTE | |
r-devel-linux-x86_64-fedora-clang | 1.0 | 639.29 | NOTE | |||
r-devel-linux-x86_64-fedora-gcc | 1.0 | 767.90 | NOTE | |||
r-devel-windows-x86_64 | 1.0 | 130.00 | 252.00 | 382.00 | NOTE | |
r-patched-linux-x86_64 | 1.0 | 119.46 | 383.73 | 503.19 | NOTE | |
r-release-linux-x86_64 | 1.0 | 133.79 | 378.82 | 512.61 | NOTE | |
r-release-macos-arm64 | 1.0 | 219.00 | NOTE | |||
r-release-macos-x86_64 | 1.0 | 361.00 | NOTE | |||
r-release-windows-x86_64 | 1.0 | 170.00 | 335.00 | 505.00 | NOTE | |
r-oldrel-macos-arm64 | 1.0 | 177.00 | NOTE | |||
r-oldrel-macos-x86_64 | 1.0 | 348.00 | NOTE | |||
r-oldrel-windows-x86_64 | 1.0 | 156.00 | 310.00 | 466.00 | NOTE |
Version: 1.0
Check: for GNU extensions in Makefiles
Result: NOTE
GNU make is a SystemRequirements.
Flavors: r-devel-linux-x86_64-debian-clang, r-devel-linux-x86_64-debian-gcc, r-devel-linux-x86_64-fedora-clang, r-devel-linux-x86_64-fedora-gcc, r-devel-windows-x86_64, r-patched-linux-x86_64, r-release-linux-x86_64, r-release-macos-arm64, r-release-macos-x86_64, r-release-windows-x86_64, r-oldrel-macos-arm64, r-oldrel-macos-x86_64, r-oldrel-windows-x86_64
Version: 1.0
Check: dependencies in R code
Result: NOTE
Namespaces in Imports field not imported from:
‘StanHeaders’ ‘methods’ ‘rstantools’
All declared Imports should be used.
Flavors: r-devel-linux-x86_64-fedora-clang, r-devel-linux-x86_64-fedora-gcc, r-oldrel-macos-arm64, r-oldrel-macos-x86_64
Version: 1.0
Check: installed package size
Result: NOTE
installed size is 36.4Mb
sub-directories of 1Mb or more:
libs 35.8Mb
Flavors: r-release-macos-arm64, r-release-macos-x86_64, r-oldrel-macos-arm64, r-oldrel-macos-x86_64