CRAN Package Check Results for Package psqn

Last updated on 2024-02-26 23:03:48 CET.

Flavor Version Tinstall Tcheck Ttotal Status Flags
r-devel-linux-x86_64-debian-clang 0.3.1 73.87 149.76 223.63 NOTE
r-devel-linux-x86_64-debian-gcc 0.3.1 63.00 112.83 175.83 NOTE
r-devel-linux-x86_64-fedora-clang 0.3.1 288.82 NOTE
r-devel-linux-x86_64-fedora-gcc 0.3.1 331.59 NOTE
r-devel-windows-x86_64 0.3.1 62.00 149.00 211.00 NOTE
r-patched-linux-x86_64 0.3.1 62.69 153.07 215.76 NOTE
r-release-linux-x86_64 0.3.1 58.86 151.83 210.69 NOTE
r-release-macos-arm64 0.3.1 70.00 NOTE
r-release-macos-x86_64 0.3.1 120.00 NOTE
r-release-windows-x86_64 0.3.1 79.00 181.00 260.00 NOTE
r-oldrel-macos-arm64 0.3.1 60.00 NOTE
r-oldrel-windows-x86_64 0.3.1 74.00 178.00 252.00 OK

Check Details

Version: 0.3.1
Check: C++ specification
Result: NOTE Specified C++11: please drop specification unless essential Flavors: r-devel-linux-x86_64-debian-clang, r-devel-linux-x86_64-debian-gcc, r-devel-linux-x86_64-fedora-clang, r-devel-linux-x86_64-fedora-gcc, r-devel-windows-x86_64, r-patched-linux-x86_64, r-release-linux-x86_64, r-release-macos-arm64, r-release-macos-x86_64, r-release-windows-x86_64

Version: 0.3.1
Check: installed package size
Result: NOTE installed size is 12.3Mb sub-directories of 1Mb or more: libs 11.6Mb Flavors: r-release-macos-arm64, r-release-macos-x86_64, r-oldrel-macos-arm64