CRAN Package Check Results for Package qGaussian

Last updated on 2024-02-25 23:02:17 CET.

Flavor Version Tinstall Tcheck Ttotal Status Flags
r-devel-linux-x86_64-debian-clang 0.1.8 24.89 35.40 60.29 NOTE
r-devel-linux-x86_64-debian-gcc 0.1.8 14.62 27.35 41.97 NOTE
r-devel-linux-x86_64-fedora-clang 0.1.8 76.36 NOTE
r-devel-linux-x86_64-fedora-gcc 0.1.8 71.33 NOTE
r-devel-windows-x86_64 0.1.8 17.00 62.00 79.00 NOTE
r-patched-linux-x86_64 0.1.8 15.62 36.85 52.47 NOTE
r-release-linux-x86_64 0.1.8 18.55 37.09 55.64 NOTE
r-release-macos-arm64 0.1.8 30.00 NOTE
r-release-macos-x86_64 0.1.8 39.00 NOTE
r-release-windows-x86_64 0.1.8 16.00 73.00 89.00 NOTE
r-oldrel-macos-arm64 0.1.8 25.00 NOTE
r-oldrel-windows-x86_64 0.1.8 21.00 73.00 94.00 NOTE

Check Details

Version: 0.1.8
Check: LazyData
Result: NOTE 'LazyData' is specified without a 'data' directory Flavors: r-devel-linux-x86_64-debian-clang, r-devel-linux-x86_64-debian-gcc, r-devel-linux-x86_64-fedora-clang, r-devel-linux-x86_64-fedora-gcc, r-devel-windows-x86_64, r-patched-linux-x86_64, r-release-linux-x86_64, r-release-macos-arm64, r-release-macos-x86_64, r-release-windows-x86_64, r-oldrel-macos-arm64, r-oldrel-windows-x86_64