Last updated on 2023-12-02 23:13:55 CET.
Flavor | Version | Tinstall | Tcheck | Ttotal | Status | Flags |
---|---|---|---|---|---|---|
r-devel-linux-x86_64-debian-clang | 2.0 | 11.96 | 112.74 | 124.70 | NOTE | |
r-devel-linux-x86_64-debian-gcc | 2.0 | 10.63 | 89.36 | 99.99 | NOTE | |
r-devel-linux-x86_64-fedora-clang | 2.0 | 153.82 | NOTE | |||
r-devel-linux-x86_64-fedora-gcc | 2.0 | 155.22 | NOTE | |||
r-devel-windows-x86_64 | 2.0 | 11.00 | 110.00 | 121.00 | NOTE | |
r-patched-linux-x86_64 | 2.0 | 12.96 | 115.14 | 128.10 | OK | |
r-release-linux-x86_64 | 2.0 | 11.49 | 113.99 | 125.48 | OK | |
r-release-macos-arm64 | 2.0 | 54.00 | OK | |||
r-release-macos-x86_64 | 2.0 | 81.00 | OK | |||
r-release-windows-x86_64 | 2.0 | 13.00 | 131.00 | 144.00 | OK | |
r-oldrel-macos-arm64 | 2.0 | 45.00 | OK | |||
r-oldrel-macos-x86_64 | 2.0 | 59.00 | OK | |||
r-oldrel-windows-x86_64 | 2.0 | 22.00 | 144.00 | 166.00 | OK |
Version: 2.0
Check: Rd contents
Result: NOTE
Argument items with no description in Rd file 'ad.simudata.Rd':
‘SimuNum’
Flavors: r-devel-linux-x86_64-debian-clang, r-devel-linux-x86_64-debian-gcc, r-devel-linux-x86_64-fedora-clang, r-devel-linux-x86_64-fedora-gcc, r-devel-windows-x86_64