CRAN Package Check Results for Package qpcR

Last updated on 2024-02-24 21:40:30 CET.

Flavor Version Tinstall Tcheck Ttotal Status Flags
r-devel-linux-x86_64-debian-clang 1.4-1 17.34 161.09 178.43 OK
r-devel-linux-x86_64-debian-gcc 1.4-1 16.16 121.28 137.44 OK
r-devel-linux-x86_64-fedora-clang 1.4-1 221.48 NOTE
r-devel-linux-x86_64-fedora-gcc 1.4-1 215.66 OK
r-devel-windows-x86_64 1.4-1 20.00 148.00 168.00 OK
r-patched-linux-x86_64 1.4-1 24.61 161.26 185.87 OK
r-release-linux-x86_64 1.4-1 12.89 156.95 169.84 OK
r-release-macos-arm64 1.4-1 66.00 NOTE
r-release-macos-x86_64 1.4-1 121.00 NOTE
r-release-windows-x86_64 1.4-1 25.00 178.00 203.00 OK
r-oldrel-macos-arm64 1.4-1 58.00 NOTE
r-oldrel-windows-x86_64 1.4-1 25.00 189.00 214.00 OK

Check Details

Version: 1.4-1
Check: installed package size
Result: NOTE installed size is 5.0Mb sub-directories of 1Mb or more: data 3.7Mb Flavors: r-devel-linux-x86_64-fedora-clang, r-release-macos-arm64, r-release-macos-x86_64, r-oldrel-macos-arm64