CRAN Package Check Results for Package qpdf

Last updated on 2024-02-25 23:02:17 CET.

Flavor Version Tinstall Tcheck Ttotal Status Flags
r-devel-linux-x86_64-debian-clang 1.3.2 156.21 28.85 185.06 OK
r-devel-linux-x86_64-debian-gcc 1.3.2 136.65 23.16 159.81 OK
r-devel-linux-x86_64-fedora-clang 1.3.2 378.68 OK
r-devel-linux-x86_64-fedora-gcc 1.3.2 309.13 OK
r-devel-windows-x86_64 1.3.2 132.00 76.00 208.00 OK
r-patched-linux-x86_64 1.3.2 171.79 28.87 200.66 OK
r-release-linux-x86_64 1.3.2 165.16 28.91 194.07 OK
r-release-macos-arm64 1.3.2 89.00 NOTE
r-release-macos-x86_64 1.3.2 127.00 NOTE
r-release-windows-x86_64 1.3.2 172.00 84.00 256.00 OK
r-oldrel-macos-arm64 1.3.2 85.00 NOTE
r-oldrel-windows-x86_64 1.3.2 152.00 79.00 231.00 OK

Check Details

Version: 1.3.2
Check: installed package size
Result: NOTE installed size is 17.7Mb sub-directories of 1Mb or more: libs 17.6Mb Flavors: r-release-macos-arm64, r-release-macos-x86_64, r-oldrel-macos-arm64