Last updated on 2023-12-09 06:02:16 CET.
Flavor | Version | Tinstall | Tcheck | Ttotal | Status | Flags |
---|---|---|---|---|---|---|
r-devel-linux-x86_64-debian-clang | 1.2.2 | 2.87 | 67.19 | 70.06 | NOTE | |
r-devel-linux-x86_64-debian-gcc | 1.2.2 | 2.03 | 50.44 | 52.47 | NOTE | |
r-devel-linux-x86_64-fedora-clang | 1.2.2 | 86.56 | OK | |||
r-devel-linux-x86_64-fedora-gcc | 1.2.2 | 94.37 | OK | |||
r-devel-windows-x86_64 | 1.2.2 | 4.00 | 67.00 | 71.00 | OK | |
r-patched-linux-x86_64 | 1.2.2 | 3.07 | 65.41 | 68.48 | OK | |
r-release-linux-x86_64 | 1.2.2 | 2.46 | 63.13 | 65.59 | OK | |
r-release-macos-arm64 | 1.2.2 | 36.00 | OK | |||
r-release-macos-x86_64 | 1.2.2 | 56.00 | OK | |||
r-release-windows-x86_64 | 1.2.2 | 4.00 | 80.00 | 84.00 | OK | |
r-oldrel-macos-arm64 | 1.2.2 | 25.00 | OK | |||
r-oldrel-macos-x86_64 | 1.2.2 | 38.00 | OK | |||
r-oldrel-windows-x86_64 | 1.2.2 | 4.00 | 80.00 | 84.00 | OK |
Version: 1.2.2
Check: Rd files
Result: NOTE
checkRd: (-1) cqs.Rd:30-31: Lost braces in \itemize; \value handles \item{}{} directly
checkRd: (-1) cqs.Rd:33-35: Lost braces in \itemize; \value handles \item{}{} directly
checkRd: (-1) cqs.Rd:37-45: Lost braces in \itemize; \value handles \item{}{} directly
checkRd: (-1) llqr.Rd:35-36: Lost braces in \itemize; \value handles \item{}{} directly
checkRd: (-1) llqr.Rd:38-41: Lost braces in \itemize; \value handles \item{}{} directly
Flavors: r-devel-linux-x86_64-debian-clang, r-devel-linux-x86_64-debian-gcc