Last updated on 2023-12-09 06:02:16 CET.
Flavor | Version | Tinstall | Tcheck | Ttotal | Status | Flags |
---|---|---|---|---|---|---|
r-devel-linux-x86_64-debian-clang | 5.97 | 40.66 | 201.60 | 242.26 | NOTE | |
r-devel-linux-x86_64-debian-gcc | 5.97 | 26.42 | 150.69 | 177.11 | NOTE | |
r-devel-linux-x86_64-fedora-clang | 5.97 | 301.55 | OK | |||
r-devel-linux-x86_64-fedora-gcc | 5.97 | 296.37 | OK | |||
r-devel-windows-x86_64 | 5.97 | 40.00 | 177.00 | 217.00 | OK | |
r-patched-linux-x86_64 | 5.97 | 33.22 | 199.08 | 232.30 | OK | |
r-release-linux-x86_64 | 5.97 | 31.09 | 194.59 | 225.68 | OK | |
r-release-macos-arm64 | 5.97 | 96.00 | OK | |||
r-release-macos-x86_64 | 5.97 | 209.00 | OK | |||
r-release-windows-x86_64 | 5.97 | 50.00 | 218.00 | 268.00 | OK | |
r-oldrel-macos-arm64 | 5.97 | 88.00 | OK | |||
r-oldrel-macos-x86_64 | 5.97 | 118.00 | OK | |||
r-oldrel-windows-x86_64 | 5.97 | 45.00 | 221.00 | 266.00 | OK |
Version: 5.97
Check: Rd files
Result: NOTE
checkRd: (-1) boot.rq.pwxy.Rd:52: Lost braces in \enumerate; \value handles \item{}{} directly
checkRd: (-1) boot.rq.pwxy.Rd:53: Lost braces in \enumerate; \value handles \item{}{} directly
checkRd: (-1) boot.rq.pwxy.Rd:54: Lost braces in \enumerate; \value handles \item{}{} directly
checkRd: (-1) plot.rqss.Rd:16: Lost braces; missing escapes or markup?
16 | to plot {summary.rqss} objects just generates a warning message.
| ^
checkRd: (-1) rq.fit.conquer.Rd:22: Lost braces
22 | objective function. Default is max{((log(n) + p) / n)^0.4, 0.05}.
| ^
checkRd: (-1) rq.fit.pfnb.Rd:37-38: Lost braces in \enumerate; \value handles \item{}{} directly
checkRd: (-1) rq.fit.pfnb.Rd:39-43: Lost braces in \enumerate; \value handles \item{}{} directly
checkRd: (-1) rq.fit.pfnb.Rd:44: Lost braces in \enumerate; \value handles \item{}{} directly
checkRd: (-1) rq.fit.qfnb.Rd:31-32: Lost braces in \enumerate; \value handles \item{}{} directly
checkRd: (-1) rq.fit.qfnb.Rd:33: Lost braces in \enumerate; \value handles \item{}{} directly
checkRd: (-1) rq.fit.qfnb.Rd:34: Lost braces in \enumerate; \value handles \item{}{} directly
Flavors: r-devel-linux-x86_64-debian-clang, r-devel-linux-x86_64-debian-gcc