CRAN Package Check Results for Package quiddich

Last updated on 2024-02-26 23:03:49 CET.

Flavor Version Tinstall Tcheck Ttotal Status Flags
r-devel-linux-x86_64-debian-clang 1.0.0 3.40 42.71 46.11 NOTE
r-devel-linux-x86_64-debian-gcc 1.0.0 2.60 32.38 34.98 NOTE
r-devel-linux-x86_64-fedora-clang 1.0.0 56.08 NOTE
r-devel-linux-x86_64-fedora-gcc 1.0.0 53.15 NOTE
r-devel-windows-x86_64 1.0.0 3.00 53.00 56.00 NOTE
r-patched-linux-x86_64 1.0.0 2.74 41.36 44.10 NOTE
r-release-linux-x86_64 1.0.0 3.00 41.76 44.76 NOTE
r-release-macos-arm64 1.0.0 22.00 NOTE
r-release-macos-x86_64 1.0.0 30.00 NOTE
r-release-windows-x86_64 1.0.0 5.00 57.00 62.00 NOTE
r-oldrel-macos-arm64 1.0.0 20.00 NOTE
r-oldrel-windows-x86_64 1.0.0 4.00 62.00 66.00 NOTE

Check Details

Version: 1.0.0
Check: LazyData
Result: NOTE 'LazyData' is specified without a 'data' directory Flavors: r-devel-linux-x86_64-debian-clang, r-devel-linux-x86_64-debian-gcc, r-devel-linux-x86_64-fedora-clang, r-devel-linux-x86_64-fedora-gcc, r-devel-windows-x86_64, r-patched-linux-x86_64, r-release-linux-x86_64, r-release-macos-arm64, r-release-macos-x86_64, r-release-windows-x86_64, r-oldrel-macos-arm64, r-oldrel-windows-x86_64