CRAN Package Check Results for Package r3PG

Last updated on 2024-02-23 21:56:56 CET.

Flavor Version Tinstall Tcheck Ttotal Status Flags
r-devel-linux-x86_64-debian-clang 0.1.6 OK
r-devel-linux-x86_64-debian-gcc 0.1.6 40.95 25.02 65.97 OK
r-devel-linux-x86_64-fedora-clang 0.1.6 87.29 NOTE
r-devel-linux-x86_64-fedora-gcc 0.1.6 126.57 OK
r-devel-windows-x86_64 0.1.6 29.00 57.00 86.00 OK
r-patched-linux-x86_64 0.1.6 49.23 32.49 81.72 OK
r-release-linux-x86_64 0.1.6 47.66 32.09 79.75 OK
r-release-macos-arm64 0.1.6 44.00 OK
r-release-macos-x86_64 0.1.6 122.00 OK
r-release-windows-x86_64 0.1.6 34.00 59.00 93.00 OK
r-oldrel-macos-arm64 0.1.6 48.00 OK
r-oldrel-windows-x86_64 0.1.6 34.00 56.00 90.00 OK

Check Details

Version: 0.1.6
Check: installed package size
Result: NOTE installed size is 5.4Mb sub-directories of 1Mb or more: libs 4.6Mb Flavor: r-devel-linux-x86_64-fedora-clang