CRAN Package Check Results for Package radiant.data

Last updated on 2024-02-23 21:56:56 CET.

Flavor Version Tinstall Tcheck Ttotal Status Flags
r-devel-linux-x86_64-debian-clang 1.6.3 ERROR
r-devel-linux-x86_64-debian-gcc 1.6.3 14.42 107.33 121.75 OK
r-devel-linux-x86_64-fedora-clang 1.6.3 2.26 ERROR
r-devel-linux-x86_64-fedora-gcc 1.6.3 203.49 OK
r-devel-windows-x86_64 1.6.3 17.00 148.00 165.00 OK
r-patched-linux-x86_64 1.6.3 18.27 138.77 157.04 OK
r-release-linux-x86_64 1.6.3 17.27 137.85 155.12 OK
r-release-macos-arm64 1.6.3 59.00 OK
r-release-macos-x86_64 1.6.3 119.00 OK
r-release-windows-x86_64 1.6.3 22.00 174.00 196.00 OK
r-oldrel-macos-arm64 1.6.3 80.00 OK
r-oldrel-windows-x86_64 1.6.3 25.00 174.00 199.00 OK

Check Details

Version: 1.6.3
Check: package dependencies
Result: ERROR Package required but not available: ‘arrow’ See section ‘The DESCRIPTION file’ in the ‘Writing R Extensions’ manual. Flavor: r-devel-linux-x86_64-debian-clang

Version: 1.6.3
Check: package dependencies
Result: ERROR Package required but not available: ‘arrow’ Imports includes 30 non-default packages. Importing from so many packages makes the package vulnerable to any of them becoming unavailable. Move as many as possible to Suggests and use conditionally. See section ‘The DESCRIPTION file’ in the ‘Writing R Extensions’ manual. Flavor: r-devel-linux-x86_64-fedora-clang