CRAN Package Check Results for Package rafalib

Last updated on 2024-02-25 23:02:17 CET.

Flavor Version Tinstall Tcheck Ttotal Status Flags
r-devel-linux-x86_64-debian-clang 1.0.0 2.64 23.98 26.62 NOTE
r-devel-linux-x86_64-debian-gcc 1.0.0 1.94 19.08 21.02 NOTE
r-devel-linux-x86_64-fedora-clang 1.0.0 33.69 NOTE
r-devel-linux-x86_64-fedora-gcc 1.0.0 31.87 NOTE
r-devel-windows-x86_64 1.0.0 4.00 43.00 47.00 NOTE
r-patched-linux-x86_64 1.0.0 2.95 24.00 26.95 NOTE
r-release-linux-x86_64 1.0.0 2.34 24.44 26.78 NOTE
r-release-macos-arm64 1.0.0 17.00 NOTE
r-release-macos-x86_64 1.0.0 22.00 NOTE
r-release-windows-x86_64 1.0.0 3.00 42.00 45.00 NOTE
r-oldrel-macos-arm64 1.0.0 18.00 NOTE
r-oldrel-windows-x86_64 1.0.0 9.00 49.00 58.00 NOTE

Check Details

Version: 1.0.0
Check: LazyData
Result: NOTE 'LazyData' is specified without a 'data' directory Flavors: r-devel-linux-x86_64-debian-clang, r-devel-linux-x86_64-debian-gcc, r-devel-linux-x86_64-fedora-clang, r-devel-linux-x86_64-fedora-gcc, r-devel-windows-x86_64, r-patched-linux-x86_64, r-release-linux-x86_64, r-release-macos-arm64, r-release-macos-x86_64, r-release-windows-x86_64, r-oldrel-macos-arm64, r-oldrel-windows-x86_64