CRAN Package Check Results for Package rapidjsonr

Last updated on 2024-05-17 22:56:54 CEST.

Flavor Version Tinstall Tcheck Ttotal Status Flags
r-devel-linux-x86_64-debian-clang 1.2.0 1.73 19.35 21.08 NOTE
r-devel-linux-x86_64-debian-gcc 1.2.0 1.16 15.02 16.18 NOTE
r-devel-linux-x86_64-fedora-clang 1.2.0 26.56 NOTE
r-devel-linux-x86_64-fedora-gcc 1.2.0 28.49 NOTE
r-devel-windows-x86_64 1.2.0 3.00 33.00 36.00 NOTE
r-patched-linux-x86_64 1.2.0 1.78 18.81 20.59 NOTE
r-release-linux-x86_64 1.2.0 1.69 18.75 20.44 NOTE
r-release-macos-arm64 1.2.0 13.00 NOTE
r-release-windows-x86_64 1.2.0 2.00 33.00 35.00 NOTE
r-oldrel-macos-arm64 1.2.0 15.00 NOTE
r-oldrel-macos-x86_64 1.2.0 19.00 NOTE
r-oldrel-windows-x86_64 1.2.0 5.00 32.00 37.00 NOTE

Check Details

Version: 1.2.0
Check: LazyData
Result: NOTE 'LazyData' is specified without a 'data' directory Flavors: r-devel-linux-x86_64-debian-clang, r-devel-linux-x86_64-debian-gcc, r-devel-linux-x86_64-fedora-clang, r-devel-linux-x86_64-fedora-gcc, r-devel-windows-x86_64, r-patched-linux-x86_64, r-release-linux-x86_64, r-release-macos-arm64, r-release-windows-x86_64, r-oldrel-macos-arm64, r-oldrel-macos-x86_64, r-oldrel-windows-x86_64