Last updated on 2023-09-02 22:58:22 CEST.
Flavor | Version | Tinstall | Tcheck | Ttotal | Status | Flags |
---|---|---|---|---|---|---|
r-devel-linux-x86_64-debian-clang | 0.1.0 | 10.20 | 60.57 | 70.77 | NOTE | |
r-devel-linux-x86_64-debian-gcc | 0.1.0 | 8.50 | 44.52 | 53.02 | NOTE | |
r-devel-linux-x86_64-fedora-clang | 0.1.0 | 86.20 | NOTE | |||
r-devel-linux-x86_64-fedora-gcc | 0.1.0 | 84.67 | NOTE | |||
r-devel-windows-x86_64 | 0.1.0 | 10.00 | 67.00 | 77.00 | NOTE | |
r-patched-linux-x86_64 | 0.1.0 | 6.27 | 56.32 | 62.59 | NOTE | |
r-release-linux-x86_64 | 0.1.0 | 6.39 | 56.48 | 62.87 | NOTE | |
r-release-macos-arm64 | 0.1.0 | 29.00 | NOTE | |||
r-release-macos-x86_64 | 0.1.0 | 44.00 | NOTE | |||
r-release-windows-x86_64 | 0.1.0 | 14.00 | 72.00 | 86.00 | NOTE | |
r-oldrel-macos-arm64 | 0.1.0 | 30.00 | NOTE | |||
r-oldrel-macos-x86_64 | 0.1.0 | 48.00 | NOTE | |||
r-oldrel-windows-x86_64 | 0.1.0 | 15.00 | 78.00 | 93.00 | NOTE |
Version: 0.1.0
Check: LazyData
Result: NOTE
'LazyData' is specified without a 'data' directory
Flavors: r-devel-linux-x86_64-debian-clang, r-devel-linux-x86_64-debian-gcc, r-devel-linux-x86_64-fedora-clang, r-devel-linux-x86_64-fedora-gcc, r-devel-windows-x86_64, r-patched-linux-x86_64, r-release-linux-x86_64, r-release-macos-arm64, r-release-macos-x86_64, r-release-windows-x86_64, r-oldrel-macos-arm64, r-oldrel-macos-x86_64, r-oldrel-windows-x86_64